Last updated on 2025-02-20 14:50:54 CET.
Flavor | Version | Tinstall | Tcheck | Ttotal | Status | Flags |
---|---|---|---|---|---|---|
r-devel-linux-x86_64-debian-clang | 0.2.0 | 1.56 | 19.52 | 21.08 | OK | |
r-devel-linux-x86_64-debian-gcc | 0.2.0 | 1.26 | 16.23 | 17.49 | OK | |
r-devel-linux-x86_64-fedora-clang | 0.2.0 | 36.58 | OK | |||
r-devel-linux-x86_64-fedora-gcc | 0.2.0 | 49.16 | OK | |||
r-devel-macos-arm64 | 0.2.0 | 24.00 | OK | |||
r-devel-macos-x86_64 | 0.2.0 | 58.00 | OK | |||
r-devel-windows-x86_64 | 0.2.0 | 3.00 | 41.00 | 44.00 | OK | |
r-patched-linux-x86_64 | 0.2.0 | 1.52 | 18.94 | 20.46 | NOTE | |
r-release-linux-x86_64 | 0.2.0 | 1.20 | 18.72 | 19.92 | NOTE | |
r-release-macos-arm64 | 0.2.0 | 39.00 | NOTE | |||
r-release-macos-x86_64 | 0.2.0 | 75.00 | NOTE | |||
r-release-windows-x86_64 | 0.2.0 | 3.00 | 42.00 | 45.00 | NOTE | |
r-oldrel-macos-arm64 | 0.2.0 | 40.00 | NOTE | |||
r-oldrel-macos-x86_64 | 0.2.0 | 67.00 | NOTE | |||
r-oldrel-windows-x86_64 | 0.2.0 | 3.00 | 55.00 | 58.00 | NOTE |
Version: 0.2.0
Check: package dependencies
Result: NOTE
Package suggested but not available for checking: ‘cmdstanr’
Flavors: r-patched-linux-x86_64, r-release-linux-x86_64, r-release-macos-arm64, r-release-macos-x86_64, r-release-windows-x86_64, r-oldrel-macos-arm64, r-oldrel-macos-x86_64, r-oldrel-windows-x86_64