CRAN Package Check Results for Package grand

Last updated on 2025-02-21 02:52:12 CET.

Flavor Version Tinstall Tcheck Ttotal Status Flags
r-devel-linux-x86_64-debian-clang 0.9.0 3.49 31.41 34.90 NOTE
r-devel-linux-x86_64-debian-gcc 0.9.0 1.97 24.27 26.24 NOTE
r-devel-linux-x86_64-fedora-clang 0.9.0 55.90 OK
r-devel-linux-x86_64-fedora-gcc 0.9.0 66.81 OK
r-devel-macos-arm64 0.9.0 31.00 OK
r-devel-macos-x86_64 0.9.0 60.00 OK
r-devel-windows-x86_64 0.9.0 5.00 58.00 63.00 NOTE
r-patched-linux-x86_64 0.9.0 5.43 30.19 35.62 OK
r-release-linux-x86_64 0.9.0 2.29 29.95 32.24 OK
r-release-macos-arm64 0.9.0 27.00 OK
r-release-macos-x86_64 0.9.0 41.00 OK
r-release-windows-x86_64 0.9.0 5.00 55.00 60.00 OK
r-oldrel-macos-arm64 0.9.0 26.00 OK
r-oldrel-macos-x86_64 0.9.0 33.00 OK
r-oldrel-windows-x86_64 0.9.0 6.00 71.00 77.00 OK

Check Details

Version: 0.9.0
Check: Rd cross-references
Result: NOTE Found the following Rd file(s) with Rd \link{} targets missing package anchors: grand.Rd: igraph grand.table.Rd: igraph grand.text.Rd: igraph Please provide package anchors for all Rd \link{} targets not in the package itself and the base packages. Flavors: r-devel-linux-x86_64-debian-clang, r-devel-linux-x86_64-debian-gcc, r-devel-windows-x86_64