CRAN Package Check Results for Package grand

Last updated on 2025-05-14 14:49:55 CEST.

Flavor Version Tinstall Tcheck Ttotal Status Flags
r-devel-linux-x86_64-debian-clang 0.9.0 3.33 32.53 35.86 NOTE
r-devel-linux-x86_64-debian-gcc 0.9.0 2.37 25.40 27.77 NOTE
r-devel-linux-x86_64-fedora-clang 0.9.0 58.35 OK
r-devel-linux-x86_64-fedora-gcc 0.9.0 72.11 OK
r-devel-windows-x86_64 0.9.0 6.00 51.00 57.00 NOTE
r-patched-linux-x86_64 0.9.0 3.43 30.81 34.24 NOTE
r-release-linux-x86_64 0.9.0 2.91 31.10 34.01 NOTE
r-release-macos-arm64 0.9.0 45.00 OK
r-release-macos-x86_64 0.9.0 68.00 OK
r-release-windows-x86_64 0.9.0 5.00 52.00 57.00 NOTE
r-oldrel-macos-arm64 0.9.0 27.00 OK
r-oldrel-macos-x86_64 0.9.0 41.00 OK
r-oldrel-windows-x86_64 0.9.0 6.00 57.00 63.00 OK

Check Details

Version: 0.9.0
Check: Rd cross-references
Result: NOTE Found the following Rd file(s) with Rd \link{} targets missing package anchors: grand.Rd: igraph grand.table.Rd: igraph grand.text.Rd: igraph Please provide package anchors for all Rd \link{} targets not in the package itself and the base packages. Flavors: r-devel-linux-x86_64-debian-clang, r-devel-linux-x86_64-debian-gcc, r-devel-windows-x86_64, r-patched-linux-x86_64, r-release-linux-x86_64, r-release-windows-x86_64