Last updated on 2025-02-21 02:52:12 CET.
Flavor | Version | Tinstall | Tcheck | Ttotal | Status | Flags |
---|---|---|---|---|---|---|
r-devel-linux-x86_64-debian-clang | 0.1.2 | 4.07 | 35.44 | 39.51 | NOTE | |
r-devel-linux-x86_64-debian-gcc | 0.1.2 | 2.59 | 26.53 | 29.12 | NOTE | |
r-devel-linux-x86_64-fedora-clang | 0.1.2 | 62.21 | NOTE | |||
r-devel-linux-x86_64-fedora-gcc | 0.1.2 | 60.21 | NOTE | |||
r-devel-macos-arm64 | 0.1.2 | 23.00 | OK | |||
r-devel-macos-x86_64 | 0.1.2 | 42.00 | NOTE | |||
r-devel-windows-x86_64 | 0.1.2 | 6.00 | 66.00 | 72.00 | NOTE | |
r-patched-linux-x86_64 | 0.1.2 | 4.01 | 34.01 | 38.02 | OK | |
r-release-linux-x86_64 | 0.1.2 | 3.72 | 33.71 | 37.43 | OK | |
r-release-macos-arm64 | 0.1.2 | 22.00 | OK | |||
r-release-macos-x86_64 | 0.1.2 | 52.00 | OK | |||
r-release-windows-x86_64 | 0.1.2 | 6.00 | 57.00 | 63.00 | OK | |
r-oldrel-macos-arm64 | 0.1.2 | 29.00 | OK | |||
r-oldrel-macos-x86_64 | 0.1.2 | 44.00 | OK | |||
r-oldrel-windows-x86_64 | 0.1.2 | 6.00 | 58.00 | 64.00 | OK |
Version: 0.1.2
Check: DESCRIPTION meta-information
Result: NOTE
Missing dependency on R >= 4.1.0 because package code uses the pipe
|> or function shorthand \(...) syntax added in R 4.1.0.
File(s) using such syntax:
‘amino_acid_pairs.R’
Flavors: r-devel-linux-x86_64-debian-clang, r-devel-linux-x86_64-debian-gcc, r-devel-linux-x86_64-fedora-clang, r-devel-linux-x86_64-fedora-gcc, r-devel-macos-x86_64, r-devel-windows-x86_64