CRAN Package Check Results for Package graphhopper

Last updated on 2025-02-21 02:52:12 CET.

Flavor Version Tinstall Tcheck Ttotal Status Flags
r-devel-linux-x86_64-debian-clang 0.1.2 2.01 21.95 23.96 OK
r-devel-linux-x86_64-debian-gcc 0.1.2 1.44 17.64 19.08 OK
r-devel-linux-x86_64-fedora-clang 0.1.2 38.41 OK
r-devel-linux-x86_64-fedora-gcc 0.1.2 49.77 OK
r-devel-macos-arm64 0.1.2 23.00 OK
r-devel-macos-x86_64 0.1.2 39.00 OK
r-devel-windows-x86_64 0.1.2 3.00 58.00 61.00 OK
r-patched-linux-x86_64 0.1.2 2.02 21.69 23.71 NOTE
r-release-linux-x86_64 0.1.2 1.56 21.42 22.98 NOTE
r-release-macos-arm64 0.1.2 21.00 NOTE
r-release-macos-x86_64 0.1.2 31.00 NOTE
r-release-windows-x86_64 0.1.2 4.00 49.00 53.00 NOTE
r-oldrel-macos-arm64 0.1.2 24.00 NOTE
r-oldrel-macos-x86_64 0.1.2 33.00 NOTE
r-oldrel-windows-x86_64 0.1.2 4.00 75.00 79.00 NOTE

Check Details

Version: 0.1.2
Check: LazyData
Result: NOTE 'LazyData' is specified without a 'data' directory Flavors: r-patched-linux-x86_64, r-release-linux-x86_64, r-release-macos-arm64, r-release-macos-x86_64, r-release-windows-x86_64, r-oldrel-macos-arm64, r-oldrel-macos-x86_64, r-oldrel-windows-x86_64