Last updated on 2024-05-21 14:57:12 CEST.
Flavor | Version | Tinstall | Tcheck | Ttotal | Status | Flags |
---|---|---|---|---|---|---|
r-devel-linux-x86_64-debian-clang | 0.3.2 | 17.78 | 155.23 | 173.01 | OK | |
r-devel-linux-x86_64-debian-gcc | 0.3.2 | 14.11 | 114.61 | 128.72 | OK | |
r-devel-linux-x86_64-fedora-clang | 0.3.2 | 212.90 | NOTE | |||
r-devel-linux-x86_64-fedora-gcc | 0.3.2 | 218.21 | OK | |||
r-devel-windows-x86_64 | 0.3.2 | 15.00 | 380.00 | 395.00 | OK | |
r-patched-linux-x86_64 | 0.3.2 | 12.46 | 148.11 | 160.57 | OK | |
r-release-linux-x86_64 | 0.3.2 | 11.16 | 151.41 | 162.57 | OK | |
r-release-macos-arm64 | 0.3.2 | 190.00 | OK | |||
r-release-macos-x86_64 | 0.3.2 | 486.00 | OK | |||
r-release-windows-x86_64 | 0.3.2 | 15.00 | 384.00 | 399.00 | OK | |
r-oldrel-macos-arm64 | 0.3.2 | 195.00 | OK | |||
r-oldrel-macos-x86_64 | 0.3.2 | 470.00 | OK | |||
r-oldrel-windows-x86_64 | 0.3.2 | 20.00 | 487.00 | 507.00 | OK |
Version: 0.3.2
Check: Rd cross-references
Result: NOTE
Undeclared package ‘glasso’ in Rd xrefs
Flavor: r-devel-linux-x86_64-fedora-clang