Last updated on 2025-02-21 02:52:12 CET.
Flavor | Version | Tinstall | Tcheck | Ttotal | Status | Flags |
---|---|---|---|---|---|---|
r-devel-linux-x86_64-debian-clang | 0.6.1 | 237.21 | 281.20 | 518.41 | NOTE | |
r-devel-linux-x86_64-debian-gcc | 0.6.1 | 185.38 | 173.23 | 358.61 | NOTE | |
r-devel-linux-x86_64-fedora-clang | 0.6.1 | 917.77 | NOTE | |||
r-devel-linux-x86_64-fedora-gcc | 0.6.1 | 932.58 | NOTE | |||
r-devel-macos-arm64 | 0.6.1 | 199.00 | NOTE | |||
r-devel-macos-x86_64 | 0.6.1 | 340.00 | NOTE | |||
r-devel-windows-x86_64 | 0.6.1 | 263.00 | 313.00 | 576.00 | NOTE | |
r-patched-linux-x86_64 | 0.6.1 | 267.37 | 239.11 | 506.48 | NOTE | |
r-release-linux-x86_64 | 0.6.1 | 257.43 | 236.20 | 493.63 | NOTE | |
r-release-macos-arm64 | 0.6.1 | 196.00 | NOTE | |||
r-release-macos-x86_64 | 0.6.1 | 238.00 | NOTE | |||
r-release-windows-x86_64 | 0.6.1 | 270.00 | 316.00 | 586.00 | NOTE | |
r-oldrel-macos-arm64 | 0.6.1 | 258.00 | NOTE | |||
r-oldrel-macos-x86_64 | 0.6.1 | 425.00 | NOTE | |||
r-oldrel-windows-x86_64 | 0.6.1 | 323.00 | 356.00 | 679.00 | NOTE |
Version: 0.6.1
Check: C++ specification
Result: NOTE
Specified C++11: please drop specification unless essential
Flavors: r-devel-linux-x86_64-debian-clang, r-devel-linux-x86_64-debian-gcc, r-devel-linux-x86_64-fedora-clang, r-devel-linux-x86_64-fedora-gcc, r-devel-macos-arm64, r-devel-macos-x86_64, r-devel-windows-x86_64, r-patched-linux-x86_64, r-release-linux-x86_64, r-release-macos-arm64, r-release-macos-x86_64, r-release-windows-x86_64, r-oldrel-macos-arm64, r-oldrel-macos-x86_64, r-oldrel-windows-x86_64
Version: 0.6.1
Check: Rd cross-references
Result: NOTE
Found the following Rd file(s) with Rd \link{} targets missing package
anchors:
gmmpairs.Rd: ggplot2
plot-DcLbmFit-missing-method.Rd: ggplot2
plot-DcLbmPath-missing-method.Rd: ggplot2
plot-DcSbmFit-missing-method.Rd: ggplot2
plot-DiagGmmFit-missing-method.Rd: ggplot2
plot-GmmFit-missing-method.Rd: ggplot2
plot-IclPath-missing-method.Rd: ggplot2
plot-LcaFit-missing-method.Rd: ggplot2
plot-MoMFit-missing-method.Rd: ggplot2
plot-MultSbmFit-missing-method.Rd: ggplot2
plot-SbmFit-missing-method.Rd: ggplot2
Please provide package anchors for all Rd \link{} targets not in the
package itself and the base packages.
Flavors: r-devel-linux-x86_64-debian-clang, r-devel-linux-x86_64-debian-gcc, r-devel-windows-x86_64
Version: 0.6.1
Check: installed package size
Result: NOTE
installed size is 18.5Mb
sub-directories of 1Mb or more:
libs 16.1Mb
Flavors: r-release-macos-arm64, r-release-macos-x86_64, r-oldrel-macos-arm64, r-oldrel-macos-x86_64