Last updated on 2025-02-21 02:52:12 CET.
Flavor | Version | Tinstall | Tcheck | Ttotal | Status | Flags |
---|---|---|---|---|---|---|
r-devel-linux-x86_64-debian-clang | 2.4.0 | 286.69 | 80.56 | 367.25 | OK | |
r-devel-linux-x86_64-debian-gcc | 2.4.0 | 192.79 | 68.45 | 261.24 | OK | |
r-devel-linux-x86_64-fedora-clang | 2.4.0 | 723.97 | OK | |||
r-devel-linux-x86_64-fedora-gcc | 2.4.0 | 647.40 | OK | |||
r-devel-macos-arm64 | 2.4.0 | 149.00 | OK | |||
r-devel-macos-x86_64 | 2.4.0 | 146.00 | OK | |||
r-devel-windows-x86_64 | 2.4.0 | 283.00 | 144.00 | 427.00 | OK | |
r-patched-linux-x86_64 | 2.4.0 | 274.39 | 88.59 | 362.98 | NOTE | |
r-release-linux-x86_64 | 2.4.0 | 266.04 | 88.65 | 354.69 | NOTE | |
r-release-macos-arm64 | 2.4.0 | 254.00 | NOTE | |||
r-release-macos-x86_64 | 2.4.0 | 257.00 | NOTE | |||
r-release-windows-x86_64 | 2.4.0 | 289.00 | 133.00 | 422.00 | NOTE | |
r-oldrel-macos-arm64 | 2.4.0 | 261.00 | NOTE | |||
r-oldrel-macos-x86_64 | 2.4.0 | 263.00 | NOTE | |||
r-oldrel-windows-x86_64 | 2.4.0 | 354.00 | 181.00 | 535.00 | NOTE |
Version: 2.4.0
Check: for GNU extensions in Makefiles
Result: NOTE
GNU make is a SystemRequirements.
Flavors: r-patched-linux-x86_64, r-release-linux-x86_64, r-release-macos-arm64, r-release-macos-x86_64, r-release-windows-x86_64, r-oldrel-macos-arm64, r-oldrel-macos-x86_64, r-oldrel-windows-x86_64
Version: 2.4.0
Check: installed package size
Result: NOTE
installed size is 39.0Mb
sub-directories of 1Mb or more:
libs 38.5Mb
Flavors: r-release-macos-arm64, r-release-macos-x86_64, r-oldrel-macos-arm64, r-oldrel-macos-x86_64