Last updated on 2025-05-08 02:50:58 CEST.
Flavor | Version | Tinstall | Tcheck | Ttotal | Status | Flags |
---|---|---|---|---|---|---|
r-devel-linux-x86_64-debian-clang | 2.4.0 | 289.40 | 81.96 | 371.36 | OK | |
r-devel-linux-x86_64-debian-gcc | 2.4.0 | 191.59 | 69.20 | 260.79 | OK | |
r-devel-linux-x86_64-fedora-clang | 2.4.0 | 715.81 | OK | |||
r-devel-linux-x86_64-fedora-gcc | 2.4.0 | 724.32 | OK | |||
r-devel-windows-x86_64 | 2.4.0 | 322.00 | 139.00 | 461.00 | OK | |
r-patched-linux-x86_64 | 2.4.0 | 267.39 | 90.05 | 357.44 | OK | |
r-release-linux-x86_64 | 2.4.0 | 252.66 | 90.86 | 343.52 | OK | |
r-release-macos-arm64 | 2.4.0 | 166.00 | OK | |||
r-release-macos-x86_64 | 2.4.0 | 148.00 | OK | |||
r-release-windows-x86_64 | 2.4.0 | 321.00 | 146.00 | 467.00 | OK | |
r-oldrel-macos-arm64 | 2.4.0 | 254.00 | NOTE | |||
r-oldrel-macos-x86_64 | 2.4.0 | 257.00 | NOTE | |||
r-oldrel-windows-x86_64 | 2.4.0 | 366.00 | 166.00 | 532.00 | NOTE |
Version: 2.4.0
Check: installed package size
Result: NOTE
installed size is 39.0Mb
sub-directories of 1Mb or more:
libs 38.5Mb
Flavors: r-oldrel-macos-arm64, r-oldrel-macos-x86_64
Version: 2.4.0
Check: for GNU extensions in Makefiles
Result: NOTE
GNU make is a SystemRequirements.
Flavors: r-oldrel-macos-arm64, r-oldrel-macos-x86_64, r-oldrel-windows-x86_64