Last updated on 2025-02-21 02:52:13 CET.
Flavor | Version | Tinstall | Tcheck | Ttotal | Status | Flags |
---|---|---|---|---|---|---|
r-devel-linux-x86_64-debian-clang | 0.2.20 | 3.35 | 30.86 | 34.21 | OK | |
r-devel-linux-x86_64-debian-gcc | 0.2.20 | 2.33 | 24.09 | 26.42 | OK | |
r-devel-linux-x86_64-fedora-clang | 0.2.20 | 54.32 | NOTE | |||
r-devel-linux-x86_64-fedora-gcc | 0.2.20 | 65.70 | NOTE | |||
r-devel-macos-arm64 | 0.2.20 | 29.00 | OK | |||
r-devel-macos-x86_64 | 0.2.20 | 52.00 | OK | |||
r-devel-windows-x86_64 | 0.2.20 | 5.00 | 52.00 | 57.00 | OK | |
r-patched-linux-x86_64 | 0.2.20 | 3.15 | 29.52 | 32.67 | NOTE | |
r-release-linux-x86_64 | 0.2.20 | 3.18 | 29.60 | 32.78 | NOTE | |
r-release-macos-arm64 | 0.2.20 | 26.00 | NOTE | |||
r-release-macos-x86_64 | 0.2.20 | 40.00 | NOTE | |||
r-release-windows-x86_64 | 0.2.20 | 5.00 | 52.00 | 57.00 | NOTE | |
r-oldrel-macos-arm64 | 0.2.20 | 26.00 | NOTE | |||
r-oldrel-macos-x86_64 | 0.2.20 | 39.00 | NOTE | |||
r-oldrel-windows-x86_64 | 0.2.20 | 6.00 | 54.00 | 60.00 | NOTE |
Version: 0.2.20
Check: dependencies in R code
Result: NOTE
Namespace in Imports field not imported from: ‘usethis’
All declared Imports should be used.
Flavors: r-devel-linux-x86_64-fedora-clang, r-devel-linux-x86_64-fedora-gcc
Version: 0.2.20
Check: LazyData
Result: NOTE
'LazyData' is specified without a 'data' directory
Flavors: r-patched-linux-x86_64, r-release-linux-x86_64, r-release-macos-arm64, r-release-macos-x86_64, r-release-windows-x86_64, r-oldrel-macos-arm64, r-oldrel-macos-x86_64, r-oldrel-windows-x86_64