Last updated on 2025-02-21 02:52:13 CET.
Flavor | Version | Tinstall | Tcheck | Ttotal | Status | Flags |
---|---|---|---|---|---|---|
r-devel-linux-x86_64-debian-clang | 1.1.0 | 3.89 | 369.64 | 373.53 | OK | |
r-devel-linux-x86_64-debian-gcc | 1.1.0 | 2.83 | 262.60 | 265.43 | OK | |
r-devel-linux-x86_64-fedora-clang | 1.1.0 | 410.08 | NOTE | |||
r-devel-linux-x86_64-fedora-gcc | 1.1.0 | 568.43 | NOTE | |||
r-devel-macos-arm64 | 1.1.0 | 255.00 | OK | |||
r-devel-macos-x86_64 | 1.1.0 | 614.00 | OK | |||
r-devel-windows-x86_64 | 1.1.0 | 6.00 | 460.00 | 466.00 | OK | |
r-patched-linux-x86_64 | 1.1.0 | 4.42 | 372.73 | 377.15 | OK | |
r-release-linux-x86_64 | 1.1.0 | 4.29 | 373.42 | 377.71 | OK | |
r-release-macos-arm64 | 1.1.0 | 242.00 | OK | |||
r-release-macos-x86_64 | 1.1.0 | 334.00 | OK | |||
r-release-windows-x86_64 | 1.1.0 | 6.00 | 464.00 | 470.00 | OK | |
r-oldrel-macos-arm64 | 1.1.0 | 269.00 | OK | |||
r-oldrel-macos-x86_64 | 1.1.0 | 451.00 | OK | |||
r-oldrel-windows-x86_64 | 1.1.0 | 7.00 | 446.00 | 453.00 | OK |
Version: 1.1.0
Check: dependencies in R code
Result: NOTE
Namespace in Imports field not imported from: ‘msm’
All declared Imports should be used.
Flavors: r-devel-linux-x86_64-fedora-clang, r-devel-linux-x86_64-fedora-gcc