Last updated on 2025-02-21 02:52:13 CET.
Flavor | Version | Tinstall | Tcheck | Ttotal | Status | Flags |
---|---|---|---|---|---|---|
r-devel-linux-x86_64-debian-clang | 0.1.0 | 4.57 | 90.85 | 95.42 | OK | |
r-devel-linux-x86_64-debian-gcc | 0.1.0 | 2.95 | 55.14 | 58.09 | OK | |
r-devel-linux-x86_64-fedora-clang | 0.1.0 | 162.54 | NOTE | |||
r-devel-linux-x86_64-fedora-gcc | 0.1.0 | 152.22 | NOTE | |||
r-devel-macos-arm64 | 0.1.0 | 43.00 | OK | |||
r-devel-macos-x86_64 | 0.1.0 | 89.00 | OK | |||
r-devel-windows-x86_64 | 0.1.0 | 7.00 | 105.00 | 112.00 | OK | |
r-patched-linux-x86_64 | 0.1.0 | 5.03 | 83.12 | 88.15 | OK | |
r-release-linux-x86_64 | 0.1.0 | 4.22 | 82.57 | 86.79 | OK | |
r-release-macos-arm64 | 0.1.0 | 38.00 | OK | |||
r-release-macos-x86_64 | 0.1.0 | 71.00 | OK | |||
r-release-windows-x86_64 | 0.1.0 | 7.00 | 102.00 | 109.00 | OK | |
r-oldrel-macos-arm64 | 0.1.0 | 45.00 | OK | |||
r-oldrel-macos-x86_64 | 0.1.0 | 97.00 | OK | |||
r-oldrel-windows-x86_64 | 0.1.0 | 8.00 | 120.00 | 128.00 | OK |
Version: 0.1.0
Check: dependencies in R code
Result: NOTE
Namespaces in Imports field not imported from:
‘ggplot2’ ‘gridExtra’ ‘methods’ ‘tidyr’
All declared Imports should be used.
Flavors: r-devel-linux-x86_64-fedora-clang, r-devel-linux-x86_64-fedora-gcc