Last updated on 2025-02-18 02:50:37 CET.
Flavor | Version | Tinstall | Tcheck | Ttotal | Status | Flags |
---|---|---|---|---|---|---|
r-devel-linux-x86_64-debian-clang | 0.8.4 | 5.45 | 70.58 | 76.03 | NOTE | |
r-devel-linux-x86_64-debian-gcc | 0.8.4 | 4.23 | 52.75 | 56.98 | NOTE | |
r-devel-linux-x86_64-fedora-clang | 0.8.4 | 126.44 | NOTE | |||
r-devel-linux-x86_64-fedora-gcc | 0.8.4 | 129.45 | NOTE | |||
r-devel-macos-arm64 | 0.8.4 | 51.00 | NOTE | |||
r-devel-macos-x86_64 | 0.8.4 | 105.00 | NOTE | |||
r-devel-windows-x86_64 | 0.8.4 | 11.00 | 106.00 | 117.00 | NOTE | |
r-patched-linux-x86_64 | 0.8.4 | 8.10 | 66.53 | 74.63 | NOTE | |
r-release-linux-x86_64 | 0.8.4 | 6.23 | 66.61 | 72.84 | NOTE | |
r-release-macos-arm64 | 0.8.4 | 48.00 | NOTE | |||
r-release-macos-x86_64 | 0.8.4 | 81.00 | NOTE | |||
r-release-windows-x86_64 | 0.8.4 | 10.00 | 111.00 | 121.00 | NOTE | |
r-oldrel-macos-arm64 | 0.8.4 | 49.00 | OK | |||
r-oldrel-macos-x86_64 | 0.8.4 | 88.00 | OK | |||
r-oldrel-windows-x86_64 | 0.8.4 | 12.00 | 123.00 | 135.00 | OK |
Version: 0.8.4
Check: Rd files
Result: NOTE
checkRd: (-1) predict.Rd:30: Lost braces
30 | resp. code{'exponential'} or \code{'no_lag'} for \code{fit_easylinear}.}
| ^
Flavors: r-devel-linux-x86_64-debian-clang, r-devel-linux-x86_64-debian-gcc, r-devel-linux-x86_64-fedora-clang, r-devel-linux-x86_64-fedora-gcc, r-devel-macos-arm64, r-devel-macos-x86_64, r-devel-windows-x86_64, r-patched-linux-x86_64, r-release-linux-x86_64, r-release-macos-arm64, r-release-macos-x86_64, r-release-windows-x86_64
Version: 0.8.4
Check: Rd cross-references
Result: NOTE
Found the following Rd file(s) with Rd \link{} targets missing package
anchors:
cost.Rd: modCost
fit_growthmodel.Rd: modFit
Please provide package anchors for all Rd \link{} targets not in the
package itself and the base packages.
Flavors: r-devel-linux-x86_64-debian-clang, r-devel-linux-x86_64-debian-gcc, r-devel-windows-x86_64