Last updated on 2025-02-21 02:52:13 CET.
Flavor | Version | Tinstall | Tcheck | Ttotal | Status | Flags |
---|---|---|---|---|---|---|
r-devel-linux-x86_64-debian-clang | 1.1.3 | 28.15 | 509.82 | 537.97 | NOTE | |
r-devel-linux-x86_64-debian-gcc | 1.1.3 | 20.34 | 330.93 | 351.27 | NOTE | |
r-devel-linux-x86_64-fedora-clang | 1.1.3 | 795.47 | NOTE | |||
r-devel-linux-x86_64-fedora-gcc | 1.1.3 | 693.56 | NOTE | |||
r-devel-macos-arm64 | 1.1.3 | 190.00 | OK | |||
r-devel-macos-x86_64 | 1.1.3 | 398.00 | NOTE | |||
r-devel-windows-x86_64 | 1.1.3 | 32.00 | 379.00 | 411.00 | NOTE | |
r-patched-linux-x86_64 | 1.1.3 | 27.83 | 391.07 | 418.90 | OK | |
r-release-linux-x86_64 | 1.1.3 | 26.58 | 382.03 | 408.61 | OK | |
r-release-macos-arm64 | 1.1.3 | 300.00 | OK | |||
r-release-macos-x86_64 | 1.1.3 | 373.00 | OK | |||
r-release-windows-x86_64 | 1.1.3 | 31.00 | 410.00 | 441.00 | OK | |
r-oldrel-macos-arm64 | 1.1.3 | 283.00 | OK | |||
r-oldrel-macos-x86_64 | 1.1.3 | 401.00 | OK | |||
r-oldrel-windows-x86_64 | 1.1.3 | 41.00 | 480.00 | 521.00 | OK |
Version: 1.1.3
Check: DESCRIPTION meta-information
Result: NOTE
Missing dependency on R >= 4.1.0 because package code uses the pipe
|> or function shorthand \(...) syntax added in R 4.1.0.
File(s) using such syntax:
‘expected_time.R’ ‘gs_info_ahr.R’
Flavors: r-devel-linux-x86_64-debian-clang, r-devel-linux-x86_64-debian-gcc, r-devel-linux-x86_64-fedora-clang, r-devel-linux-x86_64-fedora-gcc, r-devel-macos-x86_64, r-devel-windows-x86_64