Last updated on 2025-02-20 14:50:54 CET.
Flavor | Version | Tinstall | Tcheck | Ttotal | Status | Flags |
---|---|---|---|---|---|---|
r-devel-linux-x86_64-debian-clang | 0.2.2 | 7.99 | 377.56 | 385.55 | NOTE | |
r-devel-linux-x86_64-debian-gcc | 0.2.2 | 4.97 | 242.42 | 247.39 | NOTE | |
r-devel-linux-x86_64-fedora-clang | 0.2.2 | 681.37 | NOTE | |||
r-devel-linux-x86_64-fedora-gcc | 0.2.2 | 699.26 | NOTE | |||
r-devel-macos-arm64 | 0.2.2 | 181.00 | NOTE | |||
r-devel-macos-x86_64 | 0.2.2 | 387.00 | NOTE | |||
r-devel-windows-x86_64 | 0.2.2 | 7.00 | 401.00 | 408.00 | NOTE | |
r-patched-linux-x86_64 | 0.2.2 | 6.47 | 371.63 | 378.10 | NOTE | |
r-release-linux-x86_64 | 0.2.2 | 7.15 | 382.86 | 390.01 | NOTE | |
r-release-macos-arm64 | 0.2.2 | 171.00 | NOTE | |||
r-release-macos-x86_64 | 0.2.2 | 290.00 | NOTE | |||
r-release-windows-x86_64 | 0.2.2 | 8.00 | 410.00 | 418.00 | NOTE | |
r-oldrel-macos-arm64 | 0.2.2 | 188.00 | OK | |||
r-oldrel-macos-x86_64 | 0.2.2 | 335.00 | OK | |||
r-oldrel-windows-x86_64 | 0.2.2 | 10.00 | 491.00 | 501.00 | OK |
Version: 0.2.2
Check: Rd files
Result: NOTE
checkRd: (-1) crossval.Rd:54: Lost braces in \itemize; \value handles \item{}{} directly
checkRd: (-1) crossval.Rd:55: Lost braces in \itemize; \value handles \item{}{} directly
checkRd: (-1) crossval.Rd:56: Lost braces in \itemize; \value handles \item{}{} directly
checkRd: (-1) crossval.Rd:57: Lost braces in \itemize; \value handles \item{}{} directly
checkRd: (-1) crossval.Rd:58: Lost braces in \itemize; \value handles \item{}{} directly
checkRd: (-1) crossval.Rd:59: Lost braces in \itemize; \value handles \item{}{} directly
checkRd: (-1) gsbm_mcgd.Rd:57: Lost braces in \itemize; \value handles \item{}{} directly
checkRd: (-1) gsbm_mcgd.Rd:58: Lost braces in \itemize; \value handles \item{}{} directly
checkRd: (-1) gsbm_mcgd.Rd:59: Lost braces in \itemize; \value handles \item{}{} directly
checkRd: (-1) gsbm_mcgd.Rd:60: Lost braces in \itemize; \value handles \item{}{} directly
checkRd: (-1) gsbm_mcgd.Rd:61: Lost braces in \itemize; \value handles \item{}{} directly
checkRd: (-1) gsbm_mcgd.Rd:62: Lost braces in \itemize; \value handles \item{}{} directly
checkRd: (-1) gsbm_mcgd_parallel.Rd:57: Lost braces in \itemize; \value handles \item{}{} directly
checkRd: (-1) gsbm_mcgd_parallel.Rd:58: Lost braces in \itemize; \value handles \item{}{} directly
checkRd: (-1) gsbm_mcgd_parallel.Rd:59: Lost braces in \itemize; \value handles \item{}{} directly
checkRd: (-1) gsbm_mcgd_parallel.Rd:60: Lost braces in \itemize; \value handles \item{}{} directly
checkRd: (-1) gsbm_mcgd_parallel.Rd:61: Lost braces in \itemize; \value handles \item{}{} directly
checkRd: (-1) gsbm_mcgd_parallel.Rd:62: Lost braces in \itemize; \value handles \item{}{} directly
Flavors: r-devel-linux-x86_64-debian-clang, r-devel-linux-x86_64-debian-gcc, r-devel-linux-x86_64-fedora-clang, r-devel-linux-x86_64-fedora-gcc, r-devel-macos-arm64, r-devel-macos-x86_64, r-devel-windows-x86_64, r-patched-linux-x86_64, r-release-linux-x86_64, r-release-macos-arm64, r-release-macos-x86_64, r-release-windows-x86_64