Last updated on 2025-05-22 02:51:44 CEST.
Flavor | Version | Tinstall | Tcheck | Ttotal | Status | Flags |
---|---|---|---|---|---|---|
r-devel-linux-x86_64-debian-clang | 0.0.1 | 9.74 | 24.67 | 34.41 | OK | |
r-devel-linux-x86_64-debian-gcc | 0.0.1 | 7.06 | 20.40 | 27.46 | OK | |
r-devel-linux-x86_64-fedora-clang | 0.0.1 | 60.29 | OK | |||
r-devel-linux-x86_64-fedora-gcc | 0.0.1 | 55.52 | OK | |||
r-devel-windows-x86_64 | 0.0.1 | 12.00 | 64.00 | 76.00 | OK | |
r-patched-linux-x86_64 | 0.0.1 | 8.72 | 23.10 | 31.82 | OK | |
r-release-linux-x86_64 | 0.0.1 | 8.96 | 23.15 | 32.11 | OK | |
r-release-macos-arm64 | 0.0.1 | 23.00 | OK | |||
r-release-macos-x86_64 | 0.0.1 | 32.00 | OK | |||
r-release-windows-x86_64 | 0.0.1 | 14.00 | 91.00 | 105.00 | OK | |
r-oldrel-macos-arm64 | 0.0.1 | 21.00 | NOTE | |||
r-oldrel-macos-x86_64 | 0.0.1 | 28.00 | NOTE | |||
r-oldrel-windows-x86_64 | 0.0.1 | 12.00 | 71.00 | 83.00 | NOTE |
Version: 0.0.1
Check: LazyData
Result: NOTE
'LazyData' is specified without a 'data' directory
Flavors: r-oldrel-macos-arm64, r-oldrel-macos-x86_64, r-oldrel-windows-x86_64