Last updated on 2025-02-21 02:52:13 CET.
Flavor | Version | Tinstall | Tcheck | Ttotal | Status | Flags |
---|---|---|---|---|---|---|
r-devel-linux-x86_64-debian-clang | 0.0.1 | 9.42 | 23.19 | 32.61 | OK | |
r-devel-linux-x86_64-debian-gcc | 0.0.1 | 6.77 | 18.88 | 25.65 | OK | |
r-devel-linux-x86_64-fedora-clang | 0.0.1 | 56.63 | OK | |||
r-devel-linux-x86_64-fedora-gcc | 0.0.1 | 52.47 | OK | |||
r-devel-macos-arm64 | 0.0.1 | 20.00 | OK | |||
r-devel-macos-x86_64 | 0.0.1 | 31.00 | OK | |||
r-devel-windows-x86_64 | 0.0.1 | 11.00 | 60.00 | 71.00 | OK | |
r-patched-linux-x86_64 | 0.0.1 | 9.54 | 22.41 | 31.95 | NOTE | |
r-release-linux-x86_64 | 0.0.1 | 9.24 | 22.47 | 31.71 | NOTE | |
r-release-macos-arm64 | 0.0.1 | 21.00 | NOTE | |||
r-release-macos-x86_64 | 0.0.1 | 28.00 | NOTE | |||
r-release-windows-x86_64 | 0.0.1 | 11.00 | 58.00 | 69.00 | NOTE | |
r-oldrel-macos-arm64 | 0.0.1 | 24.00 | NOTE | |||
r-oldrel-macos-x86_64 | 0.0.1 | 34.00 | NOTE | |||
r-oldrel-windows-x86_64 | 0.0.1 | 15.00 | 65.00 | 80.00 | NOTE |
Version: 0.0.1
Check: LazyData
Result: NOTE
'LazyData' is specified without a 'data' directory
Flavors: r-patched-linux-x86_64, r-release-linux-x86_64, r-release-macos-arm64, r-release-macos-x86_64, r-release-windows-x86_64, r-oldrel-macos-arm64, r-oldrel-macos-x86_64, r-oldrel-windows-x86_64