Last updated on 2025-02-21 02:52:13 CET.
Flavor | Version | Tinstall | Tcheck | Ttotal | Status | Flags |
---|---|---|---|---|---|---|
r-devel-linux-x86_64-debian-clang | 0.1.3 | 42.81 | 97.91 | 140.72 | OK | |
r-devel-linux-x86_64-debian-gcc | 0.1.3 | 32.07 | 76.20 | 108.27 | OK | |
r-devel-linux-x86_64-fedora-clang | 0.1.3 | 246.52 | OK | |||
r-devel-linux-x86_64-fedora-gcc | 0.1.3 | 253.30 | OK | |||
r-devel-macos-arm64 | 0.1.3 | 73.00 | OK | |||
r-devel-macos-x86_64 | 0.1.3 | 125.00 | OK | |||
r-devel-windows-x86_64 | 0.1.3 | 43.00 | 142.00 | 185.00 | OK | |
r-patched-linux-x86_64 | 0.1.3 | 46.05 | 98.45 | 144.50 | OK | |
r-release-linux-x86_64 | 0.1.3 | 44.74 | 100.04 | 144.78 | OK | |
r-release-macos-arm64 | 0.1.3 | 86.00 | NOTE | |||
r-release-macos-x86_64 | 0.1.3 | 166.00 | NOTE | |||
r-release-windows-x86_64 | 0.1.3 | 43.00 | 145.00 | 188.00 | NOTE | |
r-oldrel-macos-arm64 | 0.1.3 | 87.00 | NOTE | |||
r-oldrel-macos-x86_64 | 0.1.3 | 155.00 | NOTE | |||
r-oldrel-windows-x86_64 | 0.1.3 | 46.00 | 171.00 | 217.00 | NOTE |
Version: 0.1.3
Check: installed package size
Result: NOTE
installed size is 8.2Mb
sub-directories of 1Mb or more:
doc 4.1Mb
libs 3.4Mb
Flavors: r-release-macos-arm64, r-release-macos-x86_64, r-release-windows-x86_64, r-oldrel-macos-arm64, r-oldrel-macos-x86_64, r-oldrel-windows-x86_64