Last updated on 2025-02-21 02:52:13 CET.
Flavor | Version | Tinstall | Tcheck | Ttotal | Status | Flags |
---|---|---|---|---|---|---|
r-devel-linux-x86_64-debian-clang | 1.0.0 | 6.37 | 69.43 | 75.80 | NOTE | |
r-devel-linux-x86_64-debian-gcc | 1.0.0 | 4.63 | 53.02 | 57.65 | NOTE | |
r-devel-linux-x86_64-fedora-clang | 1.0.0 | 116.73 | NOTE | |||
r-devel-linux-x86_64-fedora-gcc | 1.0.0 | 127.78 | NOTE | |||
r-devel-macos-arm64 | 1.0.0 | 44.00 | NOTE | |||
r-devel-macos-x86_64 | 1.0.0 | 76.00 | NOTE | |||
r-devel-windows-x86_64 | 1.0.0 | 7.00 | 78.00 | 85.00 | NOTE | |
r-patched-linux-x86_64 | 1.0.0 | 5.74 | 65.45 | 71.19 | NOTE | |
r-release-linux-x86_64 | 1.0.0 | 6.67 | 66.79 | 73.46 | NOTE | |
r-release-macos-arm64 | 1.0.0 | 42.00 | NOTE | |||
r-release-macos-x86_64 | 1.0.0 | 61.00 | NOTE | |||
r-release-windows-x86_64 | 1.0.0 | 8.00 | 82.00 | 90.00 | NOTE | |
r-oldrel-macos-arm64 | 1.0.0 | 46.00 | OK | |||
r-oldrel-macos-x86_64 | 1.0.0 | 129.00 | OK | |||
r-oldrel-windows-x86_64 | 1.0.0 | 9.00 | 101.00 | 110.00 | OK |
Version: 1.0.0
Check: Rd files
Result: NOTE
checkRd: (-1) PLSSVD.Rd:24: Lost braces; missing escapes or markup?
24 | The number of low-dimension (k < {N, M, L}, Default: .minDim(X, Y))
| ^
checkRd: (-1) guidedPLS.Rd:33: Lost braces; missing escapes or markup?
33 | The number of low-dimension (k < {N, M, L, O}, Default: .minDim(X1, X2, Y1, Y2))
| ^
checkRd: (-1) sPLSDA.Rd:24: Lost braces; missing escapes or markup?
24 | The number of low-dimension (k < {N, M, L}, Default: .minDim(X, Y))
| ^
Flavors: r-devel-linux-x86_64-debian-clang, r-devel-linux-x86_64-debian-gcc, r-devel-linux-x86_64-fedora-clang, r-devel-linux-x86_64-fedora-gcc, r-devel-macos-arm64, r-devel-macos-x86_64, r-devel-windows-x86_64, r-patched-linux-x86_64, r-release-linux-x86_64, r-release-macos-arm64, r-release-macos-x86_64, r-release-windows-x86_64