Last updated on 2025-05-16 14:49:56 CEST.
Flavor | Version | Tinstall | Tcheck | Ttotal | Status | Flags |
---|---|---|---|---|---|---|
r-devel-linux-x86_64-debian-clang | 0.1.2 | 8.24 | 88.63 | 96.87 | NOTE | |
r-devel-linux-x86_64-debian-gcc | 0.1.2 | 6.17 | 61.29 | 67.46 | NOTE | |
r-devel-linux-x86_64-fedora-clang | 0.1.2 | 155.35 | OK | |||
r-devel-linux-x86_64-fedora-gcc | 0.1.2 | 150.23 | OK | |||
r-devel-windows-x86_64 | 0.1.2 | 11.00 | 97.00 | 108.00 | OK | |
r-patched-linux-x86_64 | 0.1.2 | 7.33 | 78.46 | 85.79 | OK | |
r-release-linux-x86_64 | 0.1.2 | 7.57 | 78.55 | 86.12 | OK | |
r-release-macos-arm64 | 0.1.2 | 57.00 | OK | |||
r-release-macos-x86_64 | 0.1.2 | 92.00 | OK | |||
r-release-windows-x86_64 | 0.1.2 | 11.00 | 96.00 | 107.00 | OK | |
r-oldrel-macos-arm64 | 0.1.2 | 42.00 | OK | |||
r-oldrel-macos-x86_64 | 0.1.2 | 82.00 | OK | |||
r-oldrel-windows-x86_64 | 0.1.2 | 12.00 | 117.00 | 129.00 | OK |
Version: 0.1.2
Check: CRAN incoming feasibility
Result: NOTE
Maintainer: ‘Dirk Eddelbuettel <edd@debian.org>’
No Authors@R field in DESCRIPTION.
Please add one, modifying
Authors@R: c(person(given = "Gregor",
family = "Aisch",
role = "aut"),
person(given = "Josh",
family = "Keller",
role = "aut"),
person(given = "Dirk",
family = "Eddelbuettel",
role = c("aut", "cre"),
email = "edd@debian.org"))
as necessary.
Flavors: r-devel-linux-x86_64-debian-clang, r-devel-linux-x86_64-debian-gcc