Last updated on 2025-02-21 02:52:13 CET.
Flavor | Version | Tinstall | Tcheck | Ttotal | Status | Flags |
---|---|---|---|---|---|---|
r-devel-linux-x86_64-debian-clang | 0.1.3 | 19.34 | 68.89 | 88.23 | OK | |
r-devel-linux-x86_64-debian-gcc | 0.1.3 | 14.62 | 50.52 | 65.14 | OK | |
r-devel-linux-x86_64-fedora-clang | 0.1.3 | 142.23 | NOTE | |||
r-devel-linux-x86_64-fedora-gcc | 0.1.3 | 142.66 | NOTE | |||
r-devel-macos-arm64 | 0.1.3 | 41.00 | OK | |||
r-devel-macos-x86_64 | 0.1.3 | 77.00 | OK | |||
r-devel-windows-x86_64 | 0.1.3 | 23.00 | 92.00 | 115.00 | OK | |
r-patched-linux-x86_64 | 0.1.3 | 20.87 | 63.77 | 84.64 | OK | |
r-release-linux-x86_64 | 0.1.3 | 19.52 | 64.21 | 83.73 | OK | |
r-release-macos-arm64 | 0.1.3 | 44.00 | OK | |||
r-release-macos-x86_64 | 0.1.3 | 71.00 | OK | |||
r-release-windows-x86_64 | 0.1.3 | 22.00 | 91.00 | 113.00 | OK | |
r-oldrel-macos-arm64 | 0.1.3 | 43.00 | OK | |||
r-oldrel-macos-x86_64 | 0.1.3 | 69.00 | OK | |||
r-oldrel-windows-x86_64 | 0.1.3 | 30.00 | 113.00 | 143.00 | OK |
Version: 0.1.3
Check: dependencies in R code
Result: NOTE
Namespaces in Imports field not imported from:
‘DT’ ‘attempt’ ‘corpcor’ ‘glue’ ‘htmltools’ ‘pkgload’ ‘processx’
‘tools’
All declared Imports should be used.
Flavors: r-devel-linux-x86_64-fedora-clang, r-devel-linux-x86_64-fedora-gcc