Last updated on 2025-02-18 02:50:37 CET.
Flavor | Version | Tinstall | Tcheck | Ttotal | Status | Flags |
---|---|---|---|---|---|---|
r-devel-linux-x86_64-debian-clang | 0.1.2 | 4.97 | 21.83 | 26.80 | OK | |
r-devel-linux-x86_64-debian-gcc | 0.1.2 | 4.34 | 18.16 | 22.50 | OK | |
r-devel-linux-x86_64-fedora-clang | 0.1.2 | 45.75 | OK | |||
r-devel-linux-x86_64-fedora-gcc | 0.1.2 | 42.27 | OK | |||
r-devel-macos-arm64 | 0.1.2 | 20.00 | OK | |||
r-devel-macos-x86_64 | 0.1.2 | 27.00 | OK | |||
r-devel-windows-x86_64 | 0.1.2 | 10.00 | 64.00 | 74.00 | OK | |
r-patched-linux-x86_64 | 0.1.2 | 5.00 | 21.24 | 26.24 | OK | |
r-release-linux-x86_64 | 0.1.2 | 4.63 | 21.29 | 25.92 | OK | |
r-release-macos-arm64 | 0.1.2 | 23.00 | OK | |||
r-release-macos-x86_64 | 0.1.2 | 39.00 | OK | |||
r-release-windows-x86_64 | 0.1.2 | 9.00 | 6.00 | 15.00 | ERROR | |
r-oldrel-macos-arm64 | 0.1.2 | 25.00 | OK | |||
r-oldrel-macos-x86_64 | 0.1.2 | 43.00 | OK | |||
r-oldrel-windows-x86_64 | 0.1.2 | 10.00 | 59.00 | 69.00 | OK |
Version: 0.1.2
Check: package dependencies
Result: ERROR
Package required and available but unsuitable version: 'h3lib'
See section 'The DESCRIPTION file' in the 'Writing R Extensions'
manual.
Flavor: r-release-windows-x86_64