Last updated on 2025-02-18 02:50:37 CET.
Flavor | Version | Tinstall | Tcheck | Ttotal | Status | Flags |
---|---|---|---|---|---|---|
r-devel-linux-x86_64-debian-clang | 1.0.5 | 34.34 | 270.54 | 304.88 | NOTE | |
r-devel-linux-x86_64-debian-gcc | 1.0.5 | 26.90 | 189.67 | 216.57 | NOTE | |
r-devel-linux-x86_64-fedora-clang | 1.0.5 | 538.56 | OK | |||
r-devel-linux-x86_64-fedora-gcc | 1.0.5 | 543.68 | OK | |||
r-devel-macos-arm64 | 1.0.5 | 118.00 | OK | |||
r-devel-macos-x86_64 | 1.0.5 | 288.00 | OK | |||
r-devel-windows-x86_64 | 1.0.5 | 37.00 | 221.00 | 258.00 | NOTE | |
r-patched-linux-x86_64 | 1.0.5 | 35.60 | 260.39 | 295.99 | OK | |
r-release-linux-x86_64 | 1.0.5 | 37.30 | 262.36 | 299.66 | OK | |
r-release-macos-arm64 | 1.0.5 | 118.00 | OK | |||
r-release-macos-x86_64 | 1.0.5 | 189.00 | OK | |||
r-release-windows-x86_64 | 1.0.5 | 39.00 | 224.00 | 263.00 | OK | |
r-oldrel-macos-arm64 | 1.0.5 | 131.00 | OK | |||
r-oldrel-macos-x86_64 | 1.0.5 | 224.00 | OK | |||
r-oldrel-windows-x86_64 | 1.0.5 | 49.00 | 304.00 | 353.00 | OK |
Version: 1.0.5
Check: Rd cross-references
Result: NOTE
Found the following Rd file(s) with Rd \link{} targets missing package
anchors:
habCluster-package.Rd: raster, Rcpp, igraph
Please provide package anchors for all Rd \link{} targets not in the
package itself and the base packages.
Flavors: r-devel-linux-x86_64-debian-clang, r-devel-linux-x86_64-debian-gcc, r-devel-windows-x86_64