Last updated on 2025-02-21 02:52:13 CET.
Flavor | Version | Tinstall | Tcheck | Ttotal | Status | Flags |
---|---|---|---|---|---|---|
r-devel-linux-x86_64-debian-clang | 0.2.3 | 11.11 | 357.90 | 369.01 | NOTE | |
r-devel-linux-x86_64-debian-gcc | 0.2.3 | 7.98 | 317.65 | 325.63 | NOTE | |
r-devel-linux-x86_64-fedora-clang | 0.2.3 | 740.30 | OK | |||
r-devel-linux-x86_64-fedora-gcc | 0.2.3 | 803.02 | OK | |||
r-devel-macos-arm64 | 0.2.3 | 241.00 | OK | |||
r-devel-macos-x86_64 | 0.2.3 | 486.00 | OK | |||
r-devel-windows-x86_64 | 0.2.3 | 12.00 | 405.00 | 417.00 | NOTE | |
r-patched-linux-x86_64 | 0.2.3 | 17.48 | 460.57 | 478.05 | OK | |
r-release-linux-x86_64 | 0.2.3 | 10.05 | 460.20 | 470.25 | OK | |
r-release-macos-arm64 | 0.2.3 | 233.00 | OK | |||
r-release-macos-x86_64 | 0.2.3 | 447.00 | OK | |||
r-release-windows-x86_64 | 0.2.3 | 11.00 | 400.00 | 411.00 | OK | |
r-oldrel-macos-arm64 | 0.2.3 | 259.00 | OK | |||
r-oldrel-macos-x86_64 | 0.2.3 | 376.00 | OK | |||
r-oldrel-windows-x86_64 | 0.2.3 | 18.00 | 509.00 | 527.00 | OK |
Version: 0.2.3
Check: Rd cross-references
Result: NOTE
Found the following Rd file(s) with Rd \link{} targets missing package
anchors:
format_long_hazards.Rd: data.table
Please provide package anchors for all Rd \link{} targets not in the
package itself and the base packages.
Flavors: r-devel-linux-x86_64-debian-clang, r-devel-linux-x86_64-debian-gcc, r-devel-windows-x86_64