CRAN Package Check Results for Package hazer

Last updated on 2025-02-21 02:52:13 CET.

Flavor Version Tinstall Tcheck Ttotal Status Flags
r-devel-linux-x86_64-debian-clang 1.1.1 1.70 42.63 44.33 OK
r-devel-linux-x86_64-debian-gcc 1.1.1 1.40 34.15 35.55 OK
r-devel-linux-x86_64-fedora-clang 1.1.1 68.71 OK
r-devel-linux-x86_64-fedora-gcc 1.1.1 86.69 OK
r-devel-macos-arm64 1.1.1 29.00 OK
r-devel-macos-x86_64 1.1.1 58.00 OK
r-devel-windows-x86_64 1.1.1 3.00 59.00 62.00 OK
r-patched-linux-x86_64 1.1.1 1.67 40.56 42.23 NOTE
r-release-linux-x86_64 1.1.1 1.60 40.34 41.94 NOTE
r-release-macos-arm64 1.1.1 26.00 NOTE
r-release-macos-x86_64 1.1.1 50.00 NOTE
r-release-windows-x86_64 1.1.1 2.00 58.00 60.00 NOTE
r-oldrel-macos-arm64 1.1.1 29.00 NOTE
r-oldrel-macos-x86_64 1.1.1 45.00 NOTE
r-oldrel-windows-x86_64 1.1.1 3.00 57.00 60.00 NOTE

Check Details

Version: 1.1.1
Check: LazyData
Result: NOTE 'LazyData' is specified without a 'data' directory Flavors: r-patched-linux-x86_64, r-release-linux-x86_64, r-release-macos-arm64, r-release-macos-x86_64, r-release-windows-x86_64, r-oldrel-macos-arm64, r-oldrel-macos-x86_64, r-oldrel-windows-x86_64