Last updated on 2025-02-21 02:52:13 CET.
Flavor | Version | Tinstall | Tcheck | Ttotal | Status | Flags |
---|---|---|---|---|---|---|
r-devel-linux-x86_64-debian-clang | 1.0.2 | 17.49 | 33.47 | 50.96 | NOTE | |
r-devel-linux-x86_64-debian-gcc | 1.0.2 | 14.99 | 24.49 | 39.48 | NOTE | |
r-devel-linux-x86_64-fedora-clang | 1.0.2 | 97.76 | OK | |||
r-devel-linux-x86_64-fedora-gcc | 1.0.2 | 90.23 | OK | |||
r-devel-macos-arm64 | 1.0.2 | 28.00 | OK | |||
r-devel-macos-x86_64 | 1.0.2 | 62.00 | OK | |||
r-devel-windows-x86_64 | 1.0.2 | 20.00 | 78.00 | 98.00 | NOTE | |
r-patched-linux-x86_64 | 1.0.2 | 21.97 | 33.29 | 55.26 | OK | |
r-release-linux-x86_64 | 1.0.2 | 19.65 | 32.45 | 52.10 | OK | |
r-release-macos-arm64 | 1.0.2 | 29.00 | OK | |||
r-release-macos-x86_64 | 1.0.2 | 53.00 | OK | |||
r-release-windows-x86_64 | 1.0.2 | 22.00 | 78.00 | 100.00 | OK | |
r-oldrel-macos-arm64 | 1.0.2 | 33.00 | OK | |||
r-oldrel-macos-x86_64 | 1.0.2 | 52.00 | OK | |||
r-oldrel-windows-x86_64 | 1.0.2 | 27.00 | 107.00 | 134.00 | OK |
Version: 1.0.2
Check: Rd cross-references
Result: NOTE
Found the following Rd file(s) with Rd \link{} targets missing package
anchors:
dcbs.alg.Rd: foreach
sbs.alg.Rd: foreach
Please provide package anchors for all Rd \link{} targets not in the
package itself and the base packages.
Flavors: r-devel-linux-x86_64-debian-clang, r-devel-linux-x86_64-debian-gcc, r-devel-windows-x86_64