Last updated on 2025-05-29 02:50:51 CEST.
Flavor | Version | Tinstall | Tcheck | Ttotal | Status | Flags |
---|---|---|---|---|---|---|
r-devel-linux-x86_64-debian-clang | 0.4.5 | 13.81 | 59.33 | 73.14 | NOTE | |
r-devel-linux-x86_64-debian-gcc | 0.4.5 | 9.55 | 50.28 | 59.83 | NOTE | |
r-devel-linux-x86_64-fedora-clang | 0.4.5 | 110.35 | NOTE | |||
r-devel-linux-x86_64-fedora-gcc | 0.4.5 | 100.64 | NOTE | |||
r-devel-windows-x86_64 | 0.4.5 | 23.00 | 102.00 | 125.00 | NOTE | |
r-patched-linux-x86_64 | 0.4.5 | 11.76 | 55.43 | 67.19 | NOTE | |
r-release-linux-x86_64 | 0.4.5 | 11.87 | 56.46 | 68.33 | NOTE | |
r-release-macos-arm64 | 0.4.5 | 66.00 | NOTE | |||
r-release-macos-x86_64 | 0.4.5 | 98.00 | NOTE | |||
r-release-windows-x86_64 | 0.4.5 | 22.00 | 95.00 | 117.00 | NOTE | |
r-oldrel-macos-arm64 | 0.4.5 | 41.00 | OK | |||
r-oldrel-macos-x86_64 | 0.4.5 | 115.00 | OK | |||
r-oldrel-windows-x86_64 | 0.4.5 | 26.00 | 109.00 | 135.00 | OK |
Version: 0.4.5
Check: DESCRIPTION meta-information
Result: NOTE
Missing dependency on R >= 4.1.0 because package code uses the pipe
|> or function shorthand \(...) syntax added in R 4.1.0.
File(s) using such syntax:
‘the_XXX.R’
Flavors: r-devel-linux-x86_64-debian-clang, r-devel-linux-x86_64-debian-gcc, r-devel-linux-x86_64-fedora-clang, r-devel-linux-x86_64-fedora-gcc, r-devel-windows-x86_64, r-patched-linux-x86_64, r-release-linux-x86_64, r-release-macos-arm64, r-release-macos-x86_64, r-release-windows-x86_64