Last updated on 2025-02-21 02:52:13 CET.
Flavor | Version | Tinstall | Tcheck | Ttotal | Status | Flags |
---|---|---|---|---|---|---|
r-devel-linux-x86_64-debian-clang | 0.4.5 | 13.15 | 56.18 | 69.33 | NOTE | |
r-devel-linux-x86_64-debian-gcc | 0.4.5 | 8.97 | 47.99 | 56.96 | NOTE | |
r-devel-linux-x86_64-fedora-clang | 0.4.5 | 110.69 | NOTE | |||
r-devel-linux-x86_64-fedora-gcc | 0.4.5 | 106.20 | NOTE | |||
r-devel-macos-arm64 | 0.4.5 | 43.00 | OK | |||
r-devel-macos-x86_64 | 0.4.5 | 91.00 | NOTE | |||
r-devel-windows-x86_64 | 0.4.5 | 20.00 | 94.00 | 114.00 | NOTE | |
r-patched-linux-x86_64 | 0.4.5 | 11.51 | 56.09 | 67.60 | OK | |
r-release-linux-x86_64 | 0.4.5 | 12.25 | 57.05 | 69.30 | OK | |
r-release-macos-arm64 | 0.4.5 | 41.00 | OK | |||
r-release-macos-x86_64 | 0.4.5 | 115.00 | OK | |||
r-release-windows-x86_64 | 0.4.5 | 20.00 | 95.00 | 115.00 | OK | |
r-oldrel-macos-arm64 | 0.4.5 | 46.00 | OK | |||
r-oldrel-macos-x86_64 | 0.4.5 | 110.00 | OK | |||
r-oldrel-windows-x86_64 | 0.4.5 | 23.00 | 108.00 | 131.00 | OK |
Version: 0.4.5
Check: DESCRIPTION meta-information
Result: NOTE
Missing dependency on R >= 4.1.0 because package code uses the pipe
|> or function shorthand \(...) syntax added in R 4.1.0.
File(s) using such syntax:
‘the_XXX.R’
Flavors: r-devel-linux-x86_64-debian-clang, r-devel-linux-x86_64-debian-gcc, r-devel-linux-x86_64-fedora-clang, r-devel-linux-x86_64-fedora-gcc, r-devel-macos-x86_64, r-devel-windows-x86_64