Last updated on 2025-02-21 02:52:13 CET.
Flavor | Version | Tinstall | Tcheck | Ttotal | Status | Flags |
---|---|---|---|---|---|---|
r-devel-linux-x86_64-debian-clang | 0.3.1 | 19.35 | 199.75 | 219.10 | NOTE | |
r-devel-linux-x86_64-debian-gcc | 0.3.1 | 12.87 | 140.39 | 153.26 | NOTE | |
r-devel-linux-x86_64-fedora-clang | 0.3.1 | 348.34 | NOTE | |||
r-devel-linux-x86_64-fedora-gcc | 0.3.1 | 382.42 | NOTE | |||
r-devel-macos-arm64 | 0.3.1 | 100.00 | OK | |||
r-devel-macos-x86_64 | 0.3.1 | 203.00 | NOTE | |||
r-devel-windows-x86_64 | 0.3.1 | 22.00 | 224.00 | 246.00 | NOTE | |
r-patched-linux-x86_64 | 0.3.1 | 20.10 | 187.02 | 207.12 | OK | |
r-release-linux-x86_64 | 0.3.1 | 17.76 | 187.25 | 205.01 | OK | |
r-release-macos-arm64 | 0.3.1 | 86.00 | NOTE | |||
r-release-macos-x86_64 | 0.3.1 | 111.00 | NOTE | |||
r-release-windows-x86_64 | 0.3.1 | 21.00 | 218.00 | 239.00 | NOTE | |
r-oldrel-macos-arm64 | 0.3.1 | 104.00 | NOTE | |||
r-oldrel-macos-x86_64 | 0.3.1 | 130.00 | NOTE | |||
r-oldrel-windows-x86_64 | 0.3.1 | 26.00 | 262.00 | 288.00 | NOTE |
Version: 0.3.1
Check: DESCRIPTION meta-information
Result: NOTE
Missing dependency on R >= 4.1.0 because package code uses the pipe
|> or function shorthand \(...) syntax added in R 4.1.0.
File(s) using such syntax:
‘ts-random-walk.R’ ‘ts-vva-plot.R’
Flavors: r-devel-linux-x86_64-debian-clang, r-devel-linux-x86_64-debian-gcc, r-devel-linux-x86_64-fedora-clang, r-devel-linux-x86_64-fedora-gcc, r-devel-macos-x86_64, r-devel-windows-x86_64
Version: 0.3.1
Check: installed package size
Result: NOTE
installed size is 6.3Mb
sub-directories of 1Mb or more:
doc 5.3Mb
Flavors: r-release-macos-arm64, r-release-macos-x86_64, r-release-windows-x86_64, r-oldrel-macos-arm64, r-oldrel-macos-x86_64, r-oldrel-windows-x86_64