CRAN Package Check Results for Package heddlr

Last updated on 2025-02-21 02:52:13 CET.

Flavor Version Tinstall Tcheck Ttotal Status Flags
r-devel-linux-x86_64-debian-clang 0.6.0 1.87 28.72 30.59 OK
r-devel-linux-x86_64-debian-gcc 0.6.0 1.76 23.21 24.97 OK
r-devel-linux-x86_64-fedora-clang 0.6.0 50.87 OK
r-devel-linux-x86_64-fedora-gcc 0.6.0 61.26 OK
r-devel-macos-arm64 0.6.0 27.00 OK
r-devel-macos-x86_64 0.6.0 49.00 OK
r-devel-windows-x86_64 0.6.0 3.00 52.00 55.00 OK
r-patched-linux-x86_64 0.6.0 2.26 27.34 29.60 NOTE
r-release-linux-x86_64 0.6.0 2.13 27.73 29.86 NOTE
r-release-macos-arm64 0.6.0 25.00 NOTE
r-release-macos-x86_64 0.6.0 42.00 NOTE
r-release-windows-x86_64 0.6.0 4.00 53.00 57.00 NOTE
r-oldrel-macos-arm64 0.6.0 23.00 NOTE
r-oldrel-macos-x86_64 0.6.0 37.00 NOTE
r-oldrel-windows-x86_64 0.6.0 4.00 52.00 56.00 NOTE

Check Details

Version: 0.6.0
Check: LazyData
Result: NOTE 'LazyData' is specified without a 'data' directory Flavors: r-patched-linux-x86_64, r-release-linux-x86_64, r-release-macos-arm64, r-release-macos-x86_64, r-release-windows-x86_64, r-oldrel-macos-arm64, r-oldrel-macos-x86_64, r-oldrel-windows-x86_64