Last updated on 2024-05-21 14:57:13 CEST.
Flavor | Version | Tinstall | Tcheck | Ttotal | Status | Flags |
---|---|---|---|---|---|---|
r-devel-linux-x86_64-debian-clang | 1.2.0 | 17.03 | 20.10 | 37.13 | OK | |
r-devel-linux-x86_64-debian-gcc | 1.2.0 | 10.22 | 16.34 | 26.56 | OK | |
r-devel-linux-x86_64-fedora-clang | 1.2.0 | 44.12 | OK | |||
r-devel-linux-x86_64-fedora-gcc | 1.2.0 | 42.95 | OK | |||
r-devel-windows-x86_64 | 1.2.0 | 42.00 | 45.00 | 87.00 | OK | |
r-patched-linux-x86_64 | 1.2.0 | 16.05 | 20.29 | 36.34 | OK | |
r-release-linux-x86_64 | 1.2.0 | 16.75 | 19.75 | 36.50 | OK | |
r-release-macos-arm64 | 1.2.0 | 21.00 | NOTE | |||
r-release-windows-x86_64 | 1.2.0 | 46.00 | 48.00 | 94.00 | OK | |
r-oldrel-macos-arm64 | 1.2.0 | 25.00 | NOTE | |||
r-oldrel-macos-x86_64 | 1.2.0 | 49.00 | NOTE | |||
r-oldrel-windows-x86_64 | 1.2.0 | 44.00 | 59.00 | 103.00 | OK |
Version: 1.2.0
Check: installed package size
Result: NOTE
installed size is 6.3Mb
sub-directories of 1Mb or more:
libs 6.2Mb
Flavors: r-release-macos-arm64, r-oldrel-macos-arm64, r-oldrel-macos-x86_64