Last updated on 2025-02-21 02:52:13 CET.
Flavor | Version | Tinstall | Tcheck | Ttotal | Status | Flags |
---|---|---|---|---|---|---|
r-devel-linux-x86_64-debian-clang | 0.2.0 | 15.29 | 54.87 | 70.16 | NOTE | |
r-devel-linux-x86_64-debian-gcc | 0.2.0 | 10.62 | 39.90 | 50.52 | NOTE | |
r-devel-linux-x86_64-fedora-clang | 0.2.0 | 121.50 | NOTE | |||
r-devel-linux-x86_64-fedora-gcc | 0.2.0 | 126.42 | NOTE | |||
r-devel-macos-arm64 | 0.2.0 | 39.00 | OK | |||
r-devel-macos-x86_64 | 0.2.0 | 75.00 | NOTE | |||
r-devel-windows-x86_64 | 0.2.0 | 19.00 | 77.00 | 96.00 | NOTE | |
r-patched-linux-x86_64 | 0.2.0 | 15.29 | 51.08 | 66.37 | OK | |
r-release-linux-x86_64 | 0.2.0 | 14.72 | 50.58 | 65.30 | OK | |
r-release-macos-arm64 | 0.2.0 | 38.00 | OK | |||
r-release-macos-x86_64 | 0.2.0 | 57.00 | OK | |||
r-release-windows-x86_64 | 0.2.0 | 24.00 | 74.00 | 98.00 | OK | |
r-oldrel-macos-arm64 | 0.2.0 | 45.00 | OK | |||
r-oldrel-macos-x86_64 | 0.2.0 | 86.00 | OK | |||
r-oldrel-windows-x86_64 | 0.2.0 | 24.00 | 115.00 | 139.00 | OK |
Version: 0.2.0
Check: DESCRIPTION meta-information
Result: NOTE
Missing dependency on R >= 4.1.0 because package code uses the pipe
|> or function shorthand \(...) syntax added in R 4.1.0.
File(s) using such syntax:
‘autoplot.R’ ‘clarke_wright.R’ ‘cvrplib.R’ ‘heumilkr_solution.R’
Flavors: r-devel-linux-x86_64-debian-clang, r-devel-linux-x86_64-debian-gcc, r-devel-linux-x86_64-fedora-clang, r-devel-linux-x86_64-fedora-gcc, r-devel-macos-x86_64, r-devel-windows-x86_64