Last updated on 2025-02-21 02:52:13 CET.
Flavor | Version | Tinstall | Tcheck | Ttotal | Status | Flags |
---|---|---|---|---|---|---|
r-devel-linux-x86_64-debian-clang | 1.0-1 | 5.32 | 32.09 | 37.41 | NOTE | |
r-devel-linux-x86_64-debian-gcc | 1.0-1 | 3.69 | 24.60 | 28.29 | NOTE | |
r-devel-linux-x86_64-fedora-clang | 1.0-1 | 57.55 | NOTE | |||
r-devel-linux-x86_64-fedora-gcc | 1.0-1 | 55.82 | NOTE | |||
r-devel-macos-arm64 | 1.0-1 | 23.00 | NOTE | |||
r-devel-macos-x86_64 | 1.0-1 | 37.00 | NOTE | |||
r-devel-windows-x86_64 | 1.0-1 | 5.00 | 52.00 | 57.00 | NOTE | |
r-patched-linux-x86_64 | 1.0-1 | 3.98 | 31.20 | 35.18 | NOTE | |
r-release-linux-x86_64 | 1.0-1 | 4.54 | 30.67 | 35.21 | NOTE | |
r-release-macos-arm64 | 1.0-1 | 24.00 | NOTE | |||
r-release-macos-x86_64 | 1.0-1 | 32.00 | NOTE | |||
r-release-windows-x86_64 | 1.0-1 | 6.00 | 52.00 | 58.00 | NOTE | |
r-oldrel-macos-arm64 | 1.0-1 | 23.00 | NOTE | |||
r-oldrel-macos-x86_64 | 1.0-1 | 44.00 | NOTE | |||
r-oldrel-windows-x86_64 | 1.0-1 | 5.00 | 56.00 | 61.00 | NOTE |
Version: 1.0-1
Check: Rd files
Result: NOTE
checkRd: (-1) ohio.Rd:104: Escaped LaTeX specials: \&
checkRd: (-1) ohio.Rd:105: Escaped LaTeX specials: \&
Flavors: r-devel-linux-x86_64-debian-clang, r-devel-linux-x86_64-debian-gcc, r-devel-linux-x86_64-fedora-clang, r-devel-linux-x86_64-fedora-gcc, r-devel-macos-arm64, r-devel-macos-x86_64, r-devel-windows-x86_64, r-patched-linux-x86_64, r-release-linux-x86_64, r-release-macos-arm64, r-release-macos-x86_64, r-release-windows-x86_64, r-oldrel-macos-arm64, r-oldrel-macos-x86_64, r-oldrel-windows-x86_64