Last updated on 2025-02-21 02:52:13 CET.
Flavor | Version | Tinstall | Tcheck | Ttotal | Status | Flags |
---|---|---|---|---|---|---|
r-devel-linux-x86_64-debian-clang | 3.0.3 | 159.53 | 73.37 | 232.90 | OK | |
r-devel-linux-x86_64-debian-gcc | 3.0.3 | 115.27 | 54.64 | 169.91 | OK | |
r-devel-linux-x86_64-fedora-clang | 3.0.3 | 425.16 | OK | |||
r-devel-linux-x86_64-fedora-gcc | 3.0.3 | 422.73 | OK | |||
r-devel-macos-arm64 | 3.0.3 | 94.00 | OK | |||
r-devel-macos-x86_64 | 3.0.3 | 127.00 | OK | |||
r-devel-windows-x86_64 | 3.0.3 | 162.00 | 111.00 | 273.00 | OK | |
r-patched-linux-x86_64 | 3.0.3 | 154.93 | 70.15 | 225.08 | OK | |
r-release-linux-x86_64 | 3.0.3 | 163.19 | 69.30 | 232.49 | OK | |
r-release-macos-arm64 | 3.0.3 | 90.00 | NOTE | |||
r-release-macos-x86_64 | 3.0.3 | 98.00 | NOTE | |||
r-release-windows-x86_64 | 3.0.3 | 166.00 | 110.00 | 276.00 | OK | |
r-oldrel-macos-arm64 | 3.0.3 | 97.00 | NOTE | |||
r-oldrel-macos-x86_64 | 3.0.3 | 140.00 | NOTE | |||
r-oldrel-windows-x86_64 | 3.0.3 | 197.00 | 154.00 | 351.00 | OK |
Version: 3.0.3
Check: installed package size
Result: NOTE
installed size is 10.9Mb
sub-directories of 1Mb or more:
libs 10.4Mb
Flavors: r-release-macos-arm64, r-release-macos-x86_64, r-oldrel-macos-arm64, r-oldrel-macos-x86_64