Last updated on 2025-02-21 02:52:13 CET.
Flavor | Version | Tinstall | Tcheck | Ttotal | Status | Flags |
---|---|---|---|---|---|---|
r-devel-linux-x86_64-debian-clang | 0.5-11 | 5.56 | 138.82 | 144.38 | NOTE | |
r-devel-linux-x86_64-debian-gcc | 0.5-11 | 4.02 | 94.42 | 98.44 | NOTE | |
r-devel-linux-x86_64-fedora-clang | 0.5-11 | 236.29 | NOTE | |||
r-devel-linux-x86_64-fedora-gcc | 0.5-11 | 259.31 | NOTE | |||
r-devel-macos-arm64 | 0.5-11 | 72.00 | NOTE | |||
r-devel-macos-x86_64 | 0.5-11 | 139.00 | NOTE | |||
r-devel-windows-x86_64 | 0.5-11 | 9.00 | 160.00 | 169.00 | NOTE | |
r-patched-linux-x86_64 | 0.5-11 | 6.55 | 142.22 | 148.77 | NOTE | |
r-release-linux-x86_64 | 0.5-11 | 6.08 | 143.17 | 149.25 | NOTE | |
r-release-macos-arm64 | 0.5-11 | 70.00 | NOTE | |||
r-release-macos-x86_64 | 0.5-11 | 116.00 | NOTE | |||
r-release-windows-x86_64 | 0.5-11 | 10.00 | 179.00 | 189.00 | NOTE | |
r-oldrel-macos-arm64 | 0.5-11 | 79.00 | OK | |||
r-oldrel-macos-x86_64 | 0.5-11 | 131.00 | OK | |||
r-oldrel-windows-x86_64 | 0.5-11 | 11.00 | 192.00 | 203.00 | OK |
Version: 0.5-11
Check: Rd files
Result: NOTE
checkRd: (-1) read.VCF.Rd:21: Lost braces
21 | Reads a \url{https://samtools.github.io/hts-specs/}{Variant Call Format (VCF)} file into a BED object,
| ^
Flavors: r-devel-linux-x86_64-debian-clang, r-devel-linux-x86_64-debian-gcc, r-devel-linux-x86_64-fedora-clang, r-devel-linux-x86_64-fedora-gcc, r-devel-macos-arm64, r-devel-macos-x86_64, r-devel-windows-x86_64, r-patched-linux-x86_64, r-release-linux-x86_64, r-release-macos-arm64, r-release-macos-x86_64, r-release-windows-x86_64