Last updated on 2025-02-21 02:52:13 CET.
Flavor | Version | Tinstall | Tcheck | Ttotal | Status | Flags |
---|---|---|---|---|---|---|
r-devel-linux-x86_64-debian-clang | 0.9.4 | 12.11 | 111.05 | 123.16 | OK | |
r-devel-linux-x86_64-debian-gcc | 0.9.4 | 7.59 | 71.95 | 79.54 | OK | |
r-devel-linux-x86_64-fedora-clang | 0.9.4 | 198.45 | OK | |||
r-devel-linux-x86_64-fedora-gcc | 0.9.4 | 184.78 | OK | |||
r-devel-macos-arm64 | 0.9.4 | 55.00 | OK | |||
r-devel-macos-x86_64 | 0.9.4 | 110.00 | OK | |||
r-devel-windows-x86_64 | 0.9.4 | 16.00 | 149.00 | 165.00 | OK | |
r-patched-linux-x86_64 | 0.9.4 | 13.54 | 101.20 | 114.74 | OK | |
r-release-linux-x86_64 | 0.9.4 | 11.58 | 102.19 | 113.77 | OK | |
r-release-macos-arm64 | 0.9.4 | 52.00 | OK | |||
r-release-macos-x86_64 | 0.9.4 | 81.00 | OK | |||
r-release-windows-x86_64 | 0.9.4 | 13.00 | 143.00 | 156.00 | OK | |
r-oldrel-macos-arm64 | 0.9.4 | 61.00 | OK | |||
r-oldrel-macos-x86_64 | 0.9.4 | 97.00 | NOTE | |||
r-oldrel-windows-x86_64 | 0.9.4 | 20.00 | 176.00 | 196.00 | OK |
Version: 0.9.4
Check: package dependencies
Result: NOTE
Package suggested but not available for checking: ‘geojsonio’
Flavor: r-oldrel-macos-x86_64