Last updated on 2025-02-21 02:52:13 CET.
Flavor | Version | Tinstall | Tcheck | Ttotal | Status | Flags |
---|---|---|---|---|---|---|
r-devel-linux-x86_64-debian-clang | 0.2.0 | 3.47 | 31.76 | 35.23 | OK | |
r-devel-linux-x86_64-debian-gcc | 0.2.0 | 2.68 | 22.65 | 25.33 | OK | |
r-devel-linux-x86_64-fedora-clang | 0.2.0 | 60.02 | OK | |||
r-devel-linux-x86_64-fedora-gcc | 0.2.0 | 54.55 | OK | |||
r-devel-macos-arm64 | 0.2.0 | 22.00 | OK | |||
r-devel-macos-x86_64 | 0.2.0 | 33.00 | OK | |||
r-devel-windows-x86_64 | 0.2.0 | 5.00 | 49.00 | 54.00 | OK | |
r-patched-linux-x86_64 | 0.2.0 | 3.79 | 28.87 | 32.66 | NOTE | |
r-release-linux-x86_64 | 0.2.0 | 3.41 | 28.95 | 32.36 | NOTE | |
r-release-macos-arm64 | 0.2.0 | 20.00 | NOTE | |||
r-release-macos-x86_64 | 0.2.0 | 31.00 | NOTE | |||
r-release-windows-x86_64 | 0.2.0 | 5.00 | 49.00 | 54.00 | NOTE | |
r-oldrel-macos-arm64 | 0.2.0 | 21.00 | NOTE | |||
r-oldrel-macos-x86_64 | 0.2.0 | 39.00 | NOTE | |||
r-oldrel-windows-x86_64 | 0.2.0 | 6.00 | 54.00 | 60.00 | NOTE |
Version: 0.2.0
Check: LazyData
Result: NOTE
'LazyData' is specified without a 'data' directory
Flavors: r-patched-linux-x86_64, r-release-linux-x86_64, r-release-macos-arm64, r-release-macos-x86_64, r-release-windows-x86_64, r-oldrel-macos-arm64, r-oldrel-macos-x86_64, r-oldrel-windows-x86_64