CRAN Package Check Results for Package hindex

Last updated on 2025-02-21 02:52:13 CET.

Flavor Version Tinstall Tcheck Ttotal Status Flags
r-devel-linux-x86_64-debian-clang 0.2.0 3.05 30.95 34.00 OK
r-devel-linux-x86_64-debian-gcc 0.2.0 2.23 22.51 24.74 OK
r-devel-linux-x86_64-fedora-clang 0.2.0 57.66 OK
r-devel-linux-x86_64-fedora-gcc 0.2.0 54.76 OK
r-devel-macos-arm64 0.2.0 19.00 OK
r-devel-macos-x86_64 0.2.0 36.00 OK
r-devel-windows-x86_64 0.2.0 4.00 64.00 68.00 OK
r-patched-linux-x86_64 0.2.0 3.09 29.60 32.69 NOTE
r-release-linux-x86_64 0.2.0 2.64 29.42 32.06 NOTE
r-release-macos-arm64 0.2.0 20.00 NOTE
r-release-macos-x86_64 0.2.0 31.00 NOTE
r-release-windows-x86_64 0.2.0 5.00 54.00 59.00 NOTE
r-oldrel-macos-arm64 0.2.0 21.00 NOTE
r-oldrel-macos-x86_64 0.2.0 30.00 NOTE
r-oldrel-windows-x86_64 0.2.0 5.00 85.00 90.00 NOTE

Check Details

Version: 0.2.0
Check: LazyData
Result: NOTE 'LazyData' is specified without a 'data' directory Flavors: r-patched-linux-x86_64, r-release-linux-x86_64, r-release-macos-arm64, r-release-macos-x86_64, r-release-windows-x86_64, r-oldrel-macos-arm64, r-oldrel-macos-x86_64, r-oldrel-windows-x86_64