CRAN Package Check Results for Package hnp

Last updated on 2025-02-21 02:52:13 CET.

Flavor Version Tinstall Tcheck Ttotal Status Flags
r-devel-linux-x86_64-debian-clang 1.2-6 4.32 45.86 50.18 NOTE
r-devel-linux-x86_64-debian-gcc 1.2-6 3.30 32.57 35.87 NOTE
r-devel-linux-x86_64-fedora-clang 1.2-6 80.50 OK
r-devel-linux-x86_64-fedora-gcc 1.2-6 80.67 OK
r-devel-macos-arm64 1.2-6 24.00 OK
r-devel-macos-x86_64 1.2-6 48.00 OK
r-devel-windows-x86_64 1.2-6 5.00 65.00 70.00 NOTE
r-patched-linux-x86_64 1.2-6 4.43 43.40 47.83 NOTE
r-release-linux-x86_64 1.2-6 3.36 43.80 47.16 NOTE
r-release-macos-arm64 1.2-6 27.00 NOTE
r-release-macos-x86_64 1.2-6 37.00 NOTE
r-release-windows-x86_64 1.2-6 6.00 65.00 71.00 NOTE
r-oldrel-macos-arm64 1.2-6 25.00 NOTE
r-oldrel-macos-x86_64 1.2-6 42.00 NOTE
r-oldrel-windows-x86_64 1.2-6 6.00 86.00 92.00 NOTE

Check Details

Version: 1.2-6
Check: Rd cross-references
Result: NOTE Found the following Rd file(s) with Rd \link{} targets missing package anchors: hnp.Rd: glm.nb, multinom Please provide package anchors for all Rd \link{} targets not in the package itself and the base packages. Flavors: r-devel-linux-x86_64-debian-clang, r-devel-linux-x86_64-debian-gcc, r-devel-windows-x86_64

Version: 1.2-6
Check: package dependencies
Result: NOTE Package suggested but not available for checking: ‘glmmADMB’ Flavors: r-patched-linux-x86_64, r-release-linux-x86_64, r-release-macos-arm64, r-release-macos-x86_64, r-release-windows-x86_64, r-oldrel-macos-arm64, r-oldrel-macos-x86_64, r-oldrel-windows-x86_64