CRAN Package Check Results for Package homomorpheR

Last updated on 2025-02-21 02:52:13 CET.

Flavor Version Tinstall Tcheck Ttotal Status Flags
r-devel-linux-x86_64-debian-clang 0.2-2 3.57 40.95 44.52 NOTE
r-devel-linux-x86_64-debian-gcc 0.2-2 2.66 30.18 32.84 NOTE
r-devel-linux-x86_64-fedora-clang 0.2-2 69.63 OK
r-devel-linux-x86_64-fedora-gcc 0.2-2 85.48 OK
r-devel-macos-arm64 0.2-2 33.00 OK
r-devel-macos-x86_64 0.2-2 56.00 OK
r-devel-windows-x86_64 0.2-2 4.00 62.00 66.00 NOTE
r-patched-linux-x86_64 0.2-2 4.45 40.19 44.64 OK
r-release-linux-x86_64 0.2-2 3.47 38.68 42.15 OK
r-release-macos-arm64 0.2-2 31.00 OK
r-release-macos-x86_64 0.2-2 46.00 OK
r-release-windows-x86_64 0.2-2 4.00 62.00 66.00 OK
r-oldrel-macos-arm64 0.2-2 32.00 OK
r-oldrel-macos-x86_64 0.2-2 54.00 OK
r-oldrel-windows-x86_64 0.2-2 5.00 70.00 75.00 OK

Check Details

Version: 0.2-2
Check: Rd cross-references
Result: NOTE Found the following Rd file(s) with Rd \link{} targets missing package anchors: PaillierKeyPair.Rd: R6Class PaillierPrivateKey.Rd: R6Class PaillierPublicKey.Rd: R6Class Please provide package anchors for all Rd \link{} targets not in the package itself and the base packages. Flavors: r-devel-linux-x86_64-debian-clang, r-devel-linux-x86_64-debian-gcc, r-devel-windows-x86_64