Last updated on 2025-02-20 14:50:55 CET.
Flavor | Version | Tinstall | Tcheck | Ttotal | Status | Flags |
---|---|---|---|---|---|---|
r-devel-linux-x86_64-debian-clang | 1.2 | 2.70 | 41.15 | 43.85 | NOTE | |
r-devel-linux-x86_64-debian-gcc | 1.2 | 2.02 | 29.72 | 31.74 | NOTE | |
r-devel-linux-x86_64-fedora-clang | 1.2 | 70.59 | NOTE | |||
r-devel-linux-x86_64-fedora-gcc | 1.2 | 84.22 | NOTE | |||
r-devel-macos-arm64 | 1.2 | 37.00 | NOTE | |||
r-devel-macos-x86_64 | 1.2 | 56.00 | NOTE | |||
r-devel-windows-x86_64 | 1.2 | 5.00 | 64.00 | 69.00 | NOTE | |
r-patched-linux-x86_64 | 1.2 | 2.77 | 38.88 | 41.65 | NOTE | |
r-release-linux-x86_64 | 1.2 | 2.64 | 39.73 | 42.37 | NOTE | |
r-release-macos-arm64 | 1.2 | 32.00 | NOTE | |||
r-release-macos-x86_64 | 1.2 | 46.00 | NOTE | |||
r-release-windows-x86_64 | 1.2 | 4.00 | 64.00 | 68.00 | NOTE | |
r-oldrel-macos-arm64 | 1.2 | 35.00 | OK | |||
r-oldrel-macos-x86_64 | 1.2 | 50.00 | OK | |||
r-oldrel-windows-x86_64 | 1.2 | 5.00 | 68.00 | 73.00 | OK |
Version: 1.2
Check: Rd files
Result: NOTE
checkRd: (-1) hd.ord.Rd:43: Lost braces in \itemize; \value handles \item{}{} directly
checkRd: (-1) hd.ord.Rd:44: Lost braces in \itemize; \value handles \item{}{} directly
checkRd: (-1) hd.ord.Rd:45: Lost braces in \itemize; \value handles \item{}{} directly
checkRd: (-1) hd.ord.Rd:46: Lost braces in \itemize; \value handles \item{}{} directly
checkRd: (-1) hd.ord.Rd:47: Lost braces in \itemize; \value handles \item{}{} directly
checkRd: (-1) hd.ord.Rd:48: Lost braces in \itemize; \value handles \item{}{} directly
checkRd: (-1) hd.ord.Rd:49: Lost braces in \itemize; \value handles \item{}{} directly
checkRd: (-1) hd.ord.Rd:50: Lost braces in \itemize; \value handles \item{}{} directly
checkRd: (-1) hd.ord.Rd:51: Lost braces in \itemize; \value handles \item{}{} directly
checkRd: (-1) hd.ord.Rd:52: Lost braces in \itemize; \value handles \item{}{} directly
checkRd: (-1) hd.ord.Rd:53: Lost braces in \itemize; \value handles \item{}{} directly
checkRd: (-1) hd.ord.Rd:54: Lost braces in \itemize; \value handles \item{}{} directly
checkRd: (-1) hd.ord.Rd:55: Lost braces in \itemize; \value handles \item{}{} directly
checkRd: (-1) hd.ord.Rd:56: Lost braces in \itemize; \value handles \item{}{} directly
checkRd: (-1) hot.deck.Rd:39: Lost braces in \itemize; \value handles \item{}{} directly
checkRd: (-1) hot.deck.Rd:40: Lost braces in \itemize; \value handles \item{}{} directly
checkRd: (-1) hot.deck.Rd:41: Lost braces in \itemize; \value handles \item{}{} directly
checkRd: (-1) hot.deck.Rd:42: Lost braces in \itemize; \value handles \item{}{} directly
checkRd: (-1) hot.deck.Rd:43: Lost braces in \itemize; \value handles \item{}{} directly
checkRd: (-1) hot.deck.Rd:44: Lost braces in \itemize; \value handles \item{}{} directly
Flavors: r-devel-linux-x86_64-debian-clang, r-devel-linux-x86_64-debian-gcc, r-devel-linux-x86_64-fedora-clang, r-devel-linux-x86_64-fedora-gcc, r-devel-macos-arm64, r-devel-macos-x86_64, r-devel-windows-x86_64, r-patched-linux-x86_64, r-release-linux-x86_64, r-release-macos-arm64, r-release-macos-x86_64, r-release-windows-x86_64