Last updated on 2025-02-18 02:50:38 CET.
Flavor | Version | Tinstall | Tcheck | Ttotal | Status | Flags |
---|---|---|---|---|---|---|
r-devel-linux-x86_64-debian-clang | 1.0.3 | 2.09 | 20.91 | 23.00 | NOTE | |
r-devel-linux-x86_64-debian-gcc | 1.0.3 | 1.65 | 16.34 | 17.99 | NOTE | |
r-devel-linux-x86_64-fedora-clang | 1.0.3 | 37.43 | OK | |||
r-devel-linux-x86_64-fedora-gcc | 1.0.3 | 34.54 | OK | |||
r-devel-macos-arm64 | 1.0.3 | 16.00 | OK | |||
r-devel-macos-x86_64 | 1.0.3 | 26.00 | OK | |||
r-devel-windows-x86_64 | 1.0.3 | 3.00 | 48.00 | 51.00 | NOTE | |
r-patched-linux-x86_64 | 1.0.3 | 3.09 | 20.67 | 23.76 | OK | |
r-release-linux-x86_64 | 1.0.3 | 2.09 | 20.06 | 22.15 | OK | |
r-release-macos-arm64 | 1.0.3 | 15.00 | OK | |||
r-release-macos-x86_64 | 1.0.3 | 28.00 | OK | |||
r-release-windows-x86_64 | 1.0.3 | 3.00 | 57.00 | 60.00 | OK | |
r-oldrel-macos-arm64 | 1.0.3 | 17.00 | OK | |||
r-oldrel-macos-x86_64 | 1.0.3 | 24.00 | OK | |||
r-oldrel-windows-x86_64 | 1.0.3 | 4.00 | 45.00 | 49.00 | OK |
Version: 1.0.3
Check: Rd cross-references
Result: NOTE
Found the following Rd file(s) with Rd \link{} targets missing package
anchors:
Lchs.Rd: plot.Lc, Lc
plot.hotspots.Rd: densityplot
Please provide package anchors for all Rd \link{} targets not in the
package itself and the base packages.
Flavors: r-devel-linux-x86_64-debian-clang, r-devel-linux-x86_64-debian-gcc, r-devel-windows-x86_64