Last updated on 2025-02-20 14:50:55 CET.
Flavor | Version | Tinstall | Tcheck | Ttotal | Status | Flags |
---|---|---|---|---|---|---|
r-devel-linux-x86_64-debian-clang | 1.3.3 | 184.28 | 34.37 | 218.65 | OK | |
r-devel-linux-x86_64-debian-gcc | 1.3.3 | 132.69 | 25.02 | 157.71 | OK | |
r-devel-linux-x86_64-fedora-clang | 1.3.3 | 365.11 | OK | |||
r-devel-linux-x86_64-fedora-gcc | 1.3.3 | 428.97 | OK | |||
r-devel-macos-arm64 | 1.3.3 | 75.00 | OK | |||
r-devel-macos-x86_64 | 1.3.3 | 91.00 | OK | |||
r-devel-windows-x86_64 | 1.3.3 | 174.00 | 86.00 | 260.00 | OK | |
r-patched-linux-x86_64 | 1.3.3 | 183.32 | 31.33 | 214.65 | OK | |
r-release-linux-x86_64 | 1.3.3 | 193.88 | 32.29 | 226.17 | OK | |
r-release-macos-arm64 | 1.3.3 | 47.00 | NOTE | |||
r-release-macos-x86_64 | 1.3.3 | 47.00 | NOTE | |||
r-release-windows-x86_64 | 1.3.3 | 174.00 | 87.00 | 261.00 | OK | |
r-oldrel-macos-arm64 | 1.3.3 | 84.00 | NOTE | |||
r-oldrel-macos-x86_64 | 1.3.3 | 102.00 | NOTE | |||
r-oldrel-windows-x86_64 | 1.3.3 | 216.00 | 99.00 | 315.00 | OK |
Version: 1.3.3
Check: installed package size
Result: NOTE
installed size is 16.9Mb
sub-directories of 1Mb or more:
libs 16.6Mb
Flavors: r-release-macos-arm64, r-release-macos-x86_64, r-oldrel-macos-arm64, r-oldrel-macos-x86_64