Last updated on 2025-02-21 02:52:13 CET.
Flavor | Version | Tinstall | Tcheck | Ttotal | Status | Flags |
---|---|---|---|---|---|---|
r-devel-linux-x86_64-debian-clang | 1.0.1 | 30.32 | 29.98 | 60.30 | NOTE | |
r-devel-linux-x86_64-debian-gcc | 1.0.1 | 19.41 | 24.16 | 43.57 | NOTE | |
r-devel-linux-x86_64-fedora-clang | 1.0.1 | 106.29 | OK | |||
r-devel-linux-x86_64-fedora-gcc | 1.0.1 | 103.02 | OK | |||
r-devel-macos-arm64 | 1.0.1 | 27.00 | OK | |||
r-devel-macos-x86_64 | 1.0.1 | 49.00 | OK | |||
r-devel-windows-x86_64 | 1.0.1 | 28.00 | 79.00 | 107.00 | NOTE | |
r-patched-linux-x86_64 | 1.0.1 | 29.99 | 29.58 | 59.57 | OK | |
r-release-linux-x86_64 | 1.0.1 | 27.65 | 30.84 | 58.49 | OK | |
r-release-macos-arm64 | 1.0.1 | 28.00 | NOTE | |||
r-release-macos-x86_64 | 1.0.1 | 44.00 | NOTE | |||
r-release-windows-x86_64 | 1.0.1 | 31.00 | 70.00 | 101.00 | OK | |
r-oldrel-macos-arm64 | 1.0.1 | 36.00 | NOTE | |||
r-oldrel-macos-x86_64 | 1.0.1 | 53.00 | NOTE | |||
r-oldrel-windows-x86_64 | 1.0.1 | 38.00 | 80.00 | 118.00 | OK |
Version: 1.0.1
Check: Rd cross-references
Result: NOTE
Found the following Rd file(s) with Rd \link{} targets missing package
anchors:
critical.value.Rd: davies
size.Rd: davies
Please provide package anchors for all Rd \link{} targets not in the
package itself and the base packages.
Flavors: r-devel-linux-x86_64-debian-clang, r-devel-linux-x86_64-debian-gcc, r-devel-windows-x86_64
Version: 1.0.1
Check: installed package size
Result: NOTE
installed size is 5.3Mb
sub-directories of 1Mb or more:
libs 5.2Mb
Flavors: r-release-macos-arm64, r-release-macos-x86_64, r-oldrel-macos-arm64, r-oldrel-macos-x86_64