Last updated on 2025-02-21 02:52:13 CET.
Flavor | Version | Tinstall | Tcheck | Ttotal | Status | Flags |
---|---|---|---|---|---|---|
r-devel-linux-x86_64-debian-clang | 1.4.7 | 7.17 | 46.93 | 54.10 | NOTE | |
r-devel-linux-x86_64-debian-gcc | 1.4.7 | 4.86 | 33.78 | 38.64 | NOTE | |
r-devel-linux-x86_64-fedora-clang | 1.4.7 | 85.33 | OK | |||
r-devel-linux-x86_64-fedora-gcc | 1.4.7 | 95.64 | OK | |||
r-devel-macos-arm64 | 1.4.7 | 49.00 | OK | |||
r-devel-macos-x86_64 | 1.4.7 | 94.00 | OK | |||
r-devel-windows-x86_64 | 1.4.7 | 10.00 | 85.00 | 95.00 | OK | |
r-patched-linux-x86_64 | 1.4.7 | 7.51 | 42.64 | 50.15 | OK | |
r-release-linux-x86_64 | 1.4.7 | 5.65 | 44.04 | 49.69 | OK | |
r-release-macos-arm64 | 1.4.7 | 53.00 | OK | |||
r-release-macos-x86_64 | 1.4.7 | 93.00 | OK | |||
r-release-windows-x86_64 | 1.4.7 | 10.00 | 78.00 | 88.00 | OK | |
r-oldrel-macos-arm64 | 1.4.7 | 50.00 | OK | |||
r-oldrel-macos-x86_64 | 1.4.7 | 83.00 | OK | |||
r-oldrel-windows-x86_64 | 1.4.7 | 11.00 | 90.00 | 101.00 | OK |
Version: 1.4.7
Check: for unstated dependencies in ‘demo’
Result: NOTE
'::' or ':::' import not declared from: ‘rstudioapi’
Flavors: r-devel-linux-x86_64-debian-clang, r-devel-linux-x86_64-debian-gcc