Last updated on 2025-02-18 02:50:38 CET.
Flavor | Version | Tinstall | Tcheck | Ttotal | Status | Flags |
---|---|---|---|---|---|---|
r-devel-linux-x86_64-debian-clang | 1.1 | 5.36 | 52.78 | 58.14 | NOTE | |
r-devel-linux-x86_64-debian-gcc | 1.1 | 4.16 | 36.67 | 40.83 | NOTE | |
r-devel-linux-x86_64-fedora-clang | 1.1 | 97.27 | NOTE | |||
r-devel-linux-x86_64-fedora-gcc | 1.1 | 106.90 | NOTE | |||
r-devel-macos-arm64 | 1.1 | 37.00 | NOTE | |||
r-devel-macos-x86_64 | 1.1 | 77.00 | NOTE | |||
r-devel-windows-x86_64 | 1.1 | 7.00 | 65.00 | 72.00 | NOTE | |
r-patched-linux-x86_64 | 1.1 | 5.83 | 49.53 | 55.36 | NOTE | |
r-release-linux-x86_64 | 1.1 | 4.58 | 49.13 | 53.71 | NOTE | |
r-release-macos-arm64 | 1.1 | 35.00 | NOTE | |||
r-release-macos-x86_64 | 1.1 | 57.00 | NOTE | |||
r-release-windows-x86_64 | 1.1 | 7.00 | 67.00 | 74.00 | NOTE | |
r-oldrel-macos-arm64 | 1.1 | 43.00 | OK | |||
r-oldrel-macos-x86_64 | 1.1 | 112.00 | OK | |||
r-oldrel-windows-x86_64 | 1.1 | 10.00 | 76.00 | 86.00 | OK |
Version: 1.1
Check: Rd files
Result: NOTE
checkRd: (-1) ws_download.Rd:31: Lost braces; missing escapes or markup?
31 | (while using the {hwsdr} package for HWSD v2.0).
| ^
Flavors: r-devel-linux-x86_64-debian-clang, r-devel-linux-x86_64-debian-gcc, r-devel-linux-x86_64-fedora-clang, r-devel-linux-x86_64-fedora-gcc, r-devel-macos-arm64, r-devel-macos-x86_64, r-devel-windows-x86_64, r-patched-linux-x86_64, r-release-linux-x86_64, r-release-macos-arm64, r-release-macos-x86_64, r-release-windows-x86_64