Last updated on 2025-02-21 02:52:13 CET.
Flavor | Version | Tinstall | Tcheck | Ttotal | Status | Flags |
---|---|---|---|---|---|---|
r-devel-linux-x86_64-debian-clang | 0.2.1 | 2.48 | 27.30 | 29.78 | OK | |
r-devel-linux-x86_64-debian-gcc | 0.2.1 | 1.83 | 21.86 | 23.69 | OK | |
r-devel-linux-x86_64-fedora-clang | 0.2.1 | 48.56 | OK | |||
r-devel-linux-x86_64-fedora-gcc | 0.2.1 | 45.35 | OK | |||
r-devel-macos-arm64 | 0.2.1 | 21.00 | OK | |||
r-devel-macos-x86_64 | 0.2.1 | 47.00 | OK | |||
r-devel-windows-x86_64 | 0.2.1 | 4.00 | 55.00 | 59.00 | OK | |
r-patched-linux-x86_64 | 0.2.1 | 2.50 | 25.41 | 27.91 | NOTE | |
r-release-linux-x86_64 | 0.2.1 | 2.07 | 26.18 | 28.25 | NOTE | |
r-release-macos-arm64 | 0.2.1 | 23.00 | NOTE | |||
r-release-macos-x86_64 | 0.2.1 | 33.00 | NOTE | |||
r-release-windows-x86_64 | 0.2.1 | 4.00 | 52.00 | 56.00 | NOTE | |
r-oldrel-macos-arm64 | 0.2.1 | 21.00 | NOTE | |||
r-oldrel-macos-x86_64 | 0.2.1 | 29.00 | NOTE | |||
r-oldrel-windows-x86_64 | 0.2.1 | 4.00 | 85.00 | 89.00 | NOTE |
Version: 0.2.1
Check: LazyData
Result: NOTE
'LazyData' is specified without a 'data' directory
Flavors: r-patched-linux-x86_64, r-release-linux-x86_64, r-release-macos-arm64, r-release-macos-x86_64, r-release-windows-x86_64, r-oldrel-macos-arm64, r-oldrel-macos-x86_64, r-oldrel-windows-x86_64