Last updated on 2025-02-18 02:50:38 CET.
Flavor | Version | Tinstall | Tcheck | Ttotal | Status | Flags |
---|---|---|---|---|---|---|
r-devel-linux-x86_64-debian-clang | 0.2.0 | 77.94 | 26.77 | 104.71 | OK | |
r-devel-linux-x86_64-debian-gcc | 0.2.0 | 56.42 | 20.71 | 77.13 | OK | |
r-devel-linux-x86_64-fedora-clang | 0.2.0 | 167.86 | OK | |||
r-devel-linux-x86_64-fedora-gcc | 0.2.0 | 178.47 | OK | |||
r-devel-macos-arm64 | 0.2.0 | 54.00 | OK | |||
r-devel-macos-x86_64 | 0.2.0 | 114.00 | OK | |||
r-devel-windows-x86_64 | 0.2.0 | 63.00 | 76.00 | 139.00 | OK | |
r-patched-linux-x86_64 | 0.2.0 | 75.64 | 24.66 | 100.30 | OK | |
r-release-linux-x86_64 | 0.2.0 | 70.41 | 24.55 | 94.96 | OK | |
r-release-macos-arm64 | 0.2.0 | 52.00 | NOTE | |||
r-release-macos-x86_64 | 0.2.0 | 125.00 | NOTE | |||
r-release-windows-x86_64 | 0.2.0 | 62.00 | 81.00 | 143.00 | OK | |
r-oldrel-macos-arm64 | 0.2.0 | 51.00 | NOTE | |||
r-oldrel-macos-x86_64 | 0.2.0 | 108.00 | NOTE | |||
r-oldrel-windows-x86_64 | 0.2.0 | 64.00 | 83.00 | 147.00 | OK |
Version: 0.2.0
Check: installed package size
Result: NOTE
installed size is 23.5Mb
sub-directories of 1Mb or more:
libs 23.3Mb
Flavors: r-release-macos-arm64, r-release-macos-x86_64, r-oldrel-macos-arm64, r-oldrel-macos-x86_64