Last updated on 2025-05-19 14:49:30 CEST.
Flavor | Version | Tinstall | Tcheck | Ttotal | Status | Flags |
---|---|---|---|---|---|---|
r-devel-linux-x86_64-debian-clang | 2.7.2 | 14.76 | 141.08 | 155.84 | NOTE | |
r-devel-linux-x86_64-debian-gcc | 2.7.2 | 10.88 | 96.15 | 107.03 | NOTE | |
r-devel-linux-x86_64-fedora-clang | 2.7.2 | 248.85 | OK | |||
r-devel-linux-x86_64-fedora-gcc | 2.7.2 | 251.29 | OK | |||
r-devel-windows-x86_64 | 2.7.2 | 17.00 | 142.00 | 159.00 | OK | |
r-patched-linux-x86_64 | 2.7.2 | 16.88 | 132.82 | 149.70 | OK | |
r-release-linux-x86_64 | 2.7.2 | 15.16 | 133.75 | 148.91 | OK | |
r-release-macos-arm64 | 2.7.2 | 64.00 | OK | |||
r-release-macos-x86_64 | 2.7.2 | 136.00 | OK | |||
r-release-windows-x86_64 | 2.7.2 | 17.00 | 130.00 | 147.00 | OK | |
r-oldrel-macos-arm64 | 2.7.2 | 56.00 | OK | |||
r-oldrel-macos-x86_64 | 2.7.2 | 94.00 | OK | |||
r-oldrel-windows-x86_64 | 2.7.2 | 23.00 | 174.00 | 197.00 | OK |
Version: 2.7.2
Check: CRAN incoming feasibility
Result: NOTE
Maintainer: ‘Spencer Maynes <smaynes89@gmail.com>’
No Authors@R field in DESCRIPTION.
Please add one, modifying
Authors@R: c(person(given = "Spencer",
family = "Maynes",
role = c("aut", "cre"),
email = "smaynes89@gmail.com"),
person(given = "Fan",
family = "Yang",
role = "aut"),
person(given = "Anne",
family = "Parkhurst",
role = "aut"))
as necessary.
Flavors: r-devel-linux-x86_64-debian-clang, r-devel-linux-x86_64-debian-gcc