Last updated on 2025-02-21 02:52:13 CET.
Flavor | Version | Tinstall | Tcheck | Ttotal | Status | Flags |
---|---|---|---|---|---|---|
r-devel-linux-x86_64-debian-clang | 1.6.7 | 33.58 | 151.60 | 185.18 | NOTE | |
r-devel-linux-x86_64-debian-gcc | 1.6.7 | 21.23 | 101.27 | 122.50 | NOTE | |
r-devel-linux-x86_64-fedora-clang | 1.6.7 | 312.82 | OK | |||
r-devel-linux-x86_64-fedora-gcc | 1.6.7 | 280.40 | OK | |||
r-devel-macos-arm64 | 1.6.7 | 75.00 | OK | |||
r-devel-macos-x86_64 | 1.6.7 | 143.00 | OK | |||
r-devel-windows-x86_64 | 1.6.7 | 36.00 | 160.00 | 196.00 | NOTE | |
r-patched-linux-x86_64 | 1.6.7 | 38.91 | 142.20 | 181.11 | OK | |
r-release-linux-x86_64 | 1.6.7 | 29.48 | 140.20 | 169.68 | OK | |
r-release-macos-arm64 | 1.6.7 | 75.00 | OK | |||
r-release-macos-x86_64 | 1.6.7 | 114.00 | OK | |||
r-release-windows-x86_64 | 1.6.7 | 37.00 | 160.00 | 197.00 | OK | |
r-oldrel-macos-arm64 | 1.6.7 | 72.00 | OK | |||
r-oldrel-macos-x86_64 | 1.6.7 | 118.00 | OK | |||
r-oldrel-windows-x86_64 | 1.6.7 | 45.00 | 193.00 | 238.00 | OK |
Version: 1.6.7
Check: Rd cross-references
Result: NOTE
Found the following Rd file(s) with Rd \link{} targets missing package
anchors:
run.umap.Rd: umap_transform
Please provide package anchors for all Rd \link{} targets not in the
package itself and the base packages.
Flavors: r-devel-linux-x86_64-debian-clang, r-devel-linux-x86_64-debian-gcc, r-devel-windows-x86_64