Last updated on 2025-05-15 14:48:38 CEST.
Flavor | Version | Tinstall | Tcheck | Ttotal | Status | Flags |
---|---|---|---|---|---|---|
r-devel-linux-x86_64-debian-clang | 0.1.0 | 3.28 | 30.62 | 33.90 | OK | |
r-devel-linux-x86_64-debian-gcc | 0.1.0 | 2.54 | 24.84 | 27.38 | OK | |
r-devel-linux-x86_64-fedora-clang | 0.1.0 | 52.69 | OK | |||
r-devel-linux-x86_64-fedora-gcc | 0.1.0 | 64.69 | OK | |||
r-devel-windows-x86_64 | 0.1.0 | 5.00 | 48.00 | 53.00 | OK | |
r-patched-linux-x86_64 | 0.1.0 | 3.05 | 28.51 | 31.56 | OK | |
r-release-linux-x86_64 | 0.1.0 | 3.05 | 29.07 | 32.12 | OK | |
r-release-macos-arm64 | 0.1.0 | 25.00 | OK | |||
r-release-macos-x86_64 | 0.1.0 | 47.00 | OK | |||
r-release-windows-x86_64 | 0.1.0 | 6.00 | 50.00 | 56.00 | OK | |
r-oldrel-macos-arm64 | 0.1.0 | 26.00 | OK | |||
r-oldrel-macos-x86_64 | 0.1.0 | 39.00 | NOTE | |||
r-oldrel-windows-x86_64 | 0.1.0 | 5.00 | 57.00 | 62.00 | OK |
Version: 0.1.0
Check: installed package size
Result: NOTE
installed size is 5.0Mb
sub-directories of 1Mb or more:
data 4.4Mb
Flavor: r-oldrel-macos-x86_64