Last updated on 2025-02-21 02:52:13 CET.
Flavor | Version | Tinstall | Tcheck | Ttotal | Status | Flags |
---|---|---|---|---|---|---|
r-devel-linux-x86_64-debian-clang | 1.0.0 | 9.53 | 22.22 | 31.75 | OK | |
r-devel-linux-x86_64-debian-gcc | 1.0.0 | 8.05 | 17.92 | 25.97 | OK | |
r-devel-linux-x86_64-fedora-clang | 1.0.0 | 56.10 | NOTE | |||
r-devel-linux-x86_64-fedora-gcc | 1.0.0 | 54.43 | NOTE | |||
r-devel-macos-arm64 | 1.0.0 | 18.00 | OK | |||
r-devel-macos-x86_64 | 1.0.0 | 34.00 | OK | |||
r-devel-windows-x86_64 | 1.0.0 | 14.00 | 60.00 | 74.00 | OK | |
r-patched-linux-x86_64 | 1.0.0 | 10.16 | 21.33 | 31.49 | NOTE | |
r-release-linux-x86_64 | 1.0.0 | 10.84 | 21.61 | 32.45 | NOTE | |
r-release-macos-arm64 | 1.0.0 | 20.00 | NOTE | |||
r-release-macos-x86_64 | 1.0.0 | 29.00 | NOTE | |||
r-release-windows-x86_64 | 1.0.0 | 12.00 | 56.00 | 68.00 | NOTE | |
r-oldrel-macos-arm64 | 1.0.0 | 24.00 | NOTE | |||
r-oldrel-macos-x86_64 | 1.0.0 | 33.00 | NOTE | |||
r-oldrel-windows-x86_64 | 1.0.0 | 14.00 | 67.00 | 81.00 | NOTE |
Version: 1.0.0
Check: compiled code
Result: NOTE
File ‘ibmcraftr/libs/ibmcraftr.so’:
Found no calls to: ‘R_registerRoutines’, ‘R_useDynamicSymbols’
It is good practice to register native routines and to disable symbol
search.
See ‘Writing portable packages’ in the ‘Writing R Extensions’ manual.
Flavors: r-devel-linux-x86_64-fedora-clang, r-devel-linux-x86_64-fedora-gcc
Version: 1.0.0
Check: LazyData
Result: NOTE
'LazyData' is specified without a 'data' directory
Flavors: r-patched-linux-x86_64, r-release-linux-x86_64, r-release-macos-arm64, r-release-macos-x86_64, r-release-windows-x86_64, r-oldrel-macos-arm64, r-oldrel-macos-x86_64, r-oldrel-windows-x86_64