Last updated on 2025-02-21 02:52:13 CET.
Flavor | Version | Tinstall | Tcheck | Ttotal | Status | Flags |
---|---|---|---|---|---|---|
r-devel-linux-x86_64-debian-clang | 0.1.1 | 11.18 | 48.50 | 59.68 | NOTE | |
r-devel-linux-x86_64-debian-gcc | 0.1.1 | 8.18 | 34.64 | 42.82 | NOTE | |
r-devel-linux-x86_64-fedora-clang | 0.1.1 | 98.63 | NOTE | |||
r-devel-linux-x86_64-fedora-gcc | 0.1.1 | 93.61 | NOTE | |||
r-devel-macos-arm64 | 0.1.1 | 29.00 | NOTE | |||
r-devel-macos-x86_64 | 0.1.1 | 61.00 | NOTE | |||
r-devel-windows-x86_64 | 0.1.1 | 16.00 | 86.00 | 102.00 | NOTE | |
r-patched-linux-x86_64 | 0.1.1 | 11.71 | 45.77 | 57.48 | NOTE | |
r-release-linux-x86_64 | 0.1.1 | 12.24 | 46.35 | 58.59 | NOTE | |
r-release-macos-arm64 | 0.1.1 | 30.00 | NOTE | |||
r-release-macos-x86_64 | 0.1.1 | 53.00 | NOTE | |||
r-release-windows-x86_64 | 0.1.1 | 15.00 | 82.00 | 97.00 | NOTE | |
r-oldrel-macos-arm64 | 0.1.1 | 33.00 | OK | |||
r-oldrel-macos-x86_64 | 0.1.1 | 54.00 | OK | |||
r-oldrel-windows-x86_64 | 0.1.1 | 15.00 | 117.00 | 132.00 | OK |
Version: 0.1.1
Check: Rd files
Result: NOTE
checkRd: (-1) image_contour_detector.Rd:19: Lost braces in \itemize; \value handles \item{}{} directly
checkRd: (-1) image_contour_detector.Rd:20: Lost braces in \itemize; \value handles \item{}{} directly
checkRd: (-1) image_contour_detector.Rd:21: Lost braces in \itemize; \value handles \item{}{} directly
Flavors: r-devel-linux-x86_64-debian-clang, r-devel-linux-x86_64-debian-gcc, r-devel-linux-x86_64-fedora-clang, r-devel-linux-x86_64-fedora-gcc, r-devel-macos-arm64, r-devel-macos-x86_64, r-devel-windows-x86_64, r-patched-linux-x86_64, r-release-linux-x86_64, r-release-macos-arm64, r-release-macos-x86_64, r-release-windows-x86_64