Last updated on 2025-02-18 02:50:38 CET.
Flavor | Version | Tinstall | Tcheck | Ttotal | Status | Flags |
---|---|---|---|---|---|---|
r-devel-linux-x86_64-debian-clang | 0.2.3 | 60.32 | 43.85 | 104.17 | OK | |
r-devel-linux-x86_64-debian-gcc | 0.2.3 | 42.06 | 19.94 | 62.00 | OK | |
r-devel-linux-x86_64-fedora-gcc | 0.2.3 | 224.94 | OK | |||
r-devel-macos-arm64 | 0.2.3 | 47.00 | OK | |||
r-devel-macos-x86_64 | 0.2.3 | 69.00 | OK | |||
r-devel-windows-x86_64 | 0.2.3 | 62.00 | 5.00 | 67.00 | ERROR | |
r-patched-linux-x86_64 | 0.2.3 | 61.23 | 23.25 | 84.48 | OK | |
r-release-linux-x86_64 | 0.2.3 | 61.21 | 23.46 | 84.67 | OK | |
r-release-macos-arm64 | 0.2.3 | 49.00 | NOTE | |||
r-release-macos-x86_64 | 0.2.3 | 63.00 | NOTE | |||
r-release-windows-x86_64 | 0.2.3 | 84.00 | 130.00 | 214.00 | NOTE | |
r-oldrel-macos-arm64 | 0.2.3 | 54.00 | NOTE | |||
r-oldrel-macos-x86_64 | 0.2.3 | 77.00 | NOTE | |||
r-oldrel-windows-x86_64 | 0.2.3 | 106.00 | 144.00 | 250.00 | NOTE |
Version: 0.2.3
Check: whether package can be installed
Result: ERROR
Installation failed.
Flavor: r-devel-windows-x86_64
Version: 0.2.3
Check: installed package size
Result: NOTE
installed size is 21.7Mb
sub-directories of 1Mb or more:
libs 10.5Mb
share 10.2Mb
Flavors: r-release-macos-arm64, r-release-macos-x86_64, r-release-windows-x86_64, r-oldrel-macos-arm64, r-oldrel-macos-x86_64, r-oldrel-windows-x86_64